{"id":9885,"date":"2025-03-11T18:14:40","date_gmt":"2025-03-11T17:14:40","guid":{"rendered":"https:\/\/its-all-retail.com\/?page_id=9885"},"modified":"2025-03-11T18:17:22","modified_gmt":"2025-03-11T17:17:22","slug":"marco-covarelli-presidente-manhandwork","status":"publish","type":"page","link":"https:\/\/its-all-retail.com\/index.php\/marco-covarelli-presidente-manhandwork\/","title":{"rendered":"Intervista"},"content":{"rendered":"<p>[vc_row css=&#8221;.vc_custom_1675703833533{padding-top: 20px !important;}&#8221;][vc_column width=&#8221;5\/6&#8243;][vc_single_image image=&#8221;9646&#8243; img_size=&#8221;large&#8221; style=&#8221;vc_box_border_circle_2&#8243;][vc_column_text]<strong>Marco Covarelli <\/strong>Presidente <strong>MANHANDWORK<\/strong>[\/vc_column_text][\/vc_column][vc_column width=&#8221;1\/6&#8243;][vc_single_image image=&#8221;8197&#8243;][\/vc_column][\/vc_row][vc_row][vc_column][vc_column_text]<\/p>\n<h2><span style=\"color: #333333;\">La logistica \u00e8 un settore che sta vivendo rapidi cambiamenti. Quali sono i principali fattori che hanno trasformato il settore negli ultimi anni, e quale ruolo rivestono la competenza e la flessibilit\u00e0 in questo contesto?<\/span><\/h2>\n<p>Il settore della logistica ha fatto enormi passi avanti in termini di competenza, e oggi possiamo dire che abbiamo raggiunto livelli di preparazione davvero elevati. Negli ultimi anni, il miglioramento \u00e8 stato costante e ci ha permesso di disporre di strumenti sempre pi\u00f9 evoluti.<\/p>\n<p>I committenti hanno fatto una selezione degli appaltatori sempre pi\u00f9 mirata in termini di competenze, che sono diventate un prerequisito fondamentale per la gestione dei magazzini. Di pari passo, gli appaltatori si sono evoluti e strutturati in questo senso, offrendo livelli di know-how sempre pi\u00f9 alti.<\/p>\n<p>Per esempio, in MHW, abbiamo creato un\u2019Academy interna, che ha lo scopo di formare le nostre risorse, sviluppare le loro competenze e offrire loro opportunit\u00e0 di crescita professionale. Un altro esempio di competenza \u00e8 la nostra Logistics Intelligence, un ufficio tecnico che si occupa di analizzare flussi e processi, individuare inefficienze e implementare progetti di miglioramento continuo.<\/p>\n<p>Se da una parte la competenza \u00e8 diventata una solida base su cui costruire il nostro lavoro, dall\u2019altra, la flessibilit\u00e0 \u00e8 diventata la vera sfida.<\/p>\n<p>Un concetto che \u00e8 da sempre il cuore del nostro lavoro -l\u2019appaltatore esiste proprio per garantire la flessibilit\u00e0 nei magazzini, per gestire le complessit\u00e0 dell\u2019operativit\u00e0 -, oggi \u00e8 diventato un obiettivo difficile da raggiungere.<\/p>\n<p>Fino a qualche anno fa, si otteneva la flessibilit\u00e0 all&#8217;interno dei magazzini, attraverso il giusto mix di contratti mirati e la disponibilit\u00e0 delle risorse. Attualmente questo non \u00e8 pi\u00f9 possibile, per diversi fattori: nel nostro settore c\u2019\u00e8 una grande carenza di manodopera qualificata, il contesto sociale \u00e8 profondamente mutato, sono cambiate le tendenze e le esigenze dei lavoratori e ci troviamo ad affrontare una nuova forma di assenteismo, con dinamiche diverse e percentuali sempre pi\u00f9 elevate.<\/p>\n<p>Gli strumenti che abbiamo a disposizione, purtroppo non sono adeguati e al passo con i tempi.<\/p>\n<p>Primo fra tutti il CCNL, che per sua natura dovrebbe agevolare la flessibilit\u00e0,non \u00e8 in linea con le necessit\u00e0 del contesto attuale, nonostante il recente rinnovo rappresenti comunque un passo in avanti.<\/p>\n<p>Il contratto spesso risulta difficilmente applicabile alla realt\u00e0 e il datore di lavoro si trova a dover contrattare con i sindacati per qualsiasi azione e strumento utile a garantire il servizio.<\/p>\n<p>Parallelamente, il livello di flessibilit\u00e0 richiesto dai committenti \u00e8 sempre pi\u00f9 elevato, con programmazioni e pianificazioni quasi inesistenti.<\/p>\n<p><strong>\u00a0<\/strong><\/p>\n<h2><span style=\"color: #333333;\">Come possono agire appaltatori e committenti per affrontare le sfide del contesto attuale ed in particolare quelle legate alla flessibilit\u00e0?<\/span><\/h2>\n<p>In MHW abbiamo quasi 3.000 dipendenti e pi\u00f9 di 60 magazzini, quindi abbiamo un\u2019ottima capacit\u00e0 di reazione e possibilit\u00e0 di sfruttare la sinergia garantita dalla nostra forte presenza sul territorio.<br \/>\nInoltre, abbiamo creato degli strumenti che possano agevolarci nel garantire la flessibilit\u00e0 necessaria; la nostra Academy ne \u00e8 un esempio e fa davvero la differenza, un supporto operativo di qualit\u00e0 per situazioni di emergenza o di picco, oltre che per le start-up.<br \/>\nMa queste soluzioni non bastano, \u00e8 necessario un impegno congiunto da parte di appaltatori e committenti.<br \/>\nNello specifico, lato appaltatore, \u00e8 essenziale investire nella formazione continua delle nostre risorse, per sopperire alla carenza di manodopera qualificata, avere personale formato pronto a intervenire e, soprattutto, fidelizzare i nostri dipendenti, offrendo opportunit\u00e0 di crescita e valorizzando le loro potenzialit\u00e0.<\/p>\n<p>Lato committente, i concetti chiave sono due:<\/p>\n<ol>\n<li><strong>Consapevolezza<\/strong>:<br \/>\n\u00e8 fondamentale avere consapevolezza delle dinamiche all\u2019interno dei propri magazzini, soprattutto di quelle sindacali, che hanno un forte impatto in termini di costi e di operativit\u00e0.<\/li>\n<\/ol>\n<p>I magazzini di oggi sono molto pi\u00f9 sindacalizzati, la gestione delle relazioni sindacali \u00e8 diventata un\u2019attivit\u00e0 strategica ed \u00e8 importante affidarsi ad appaltatori strutturati in questo ambito.<\/p>\n<ol>\n<li><strong>Programmazione<\/strong>: laddove possibile, \u00e8 necessario il massimo impegno per le pianificazioni dei volumi, in modo che siano pi\u00f9 attendibili e che permettano di gestire le emergenze e i picchi di attivit\u00e0 con maggiore sostenibilit\u00e0.<\/li>\n<\/ol>\n<p>In conclusione, la logistica e gli appalti sono in continua evoluzione e affrontano situazioni sempre pi\u00f9 complesse. La competenza \u00e8 sicuramente un punto di forza su cui non dobbiamo smettere di lavorare, ma la flessibilit\u00e0 \u00e8 la vera sfida del nostro tempo.<\/p>\n<p>Nell\u2019ottica di uno sviluppo sostenibile per tutti, sono necessari strumenti adatti e in linea con il contesto attuale ed \u00e8 sempre fondamentale una forte collaborazione e un\u2019unione tra appaltatore e committente.<\/p>\n<p>&nbsp;<\/p>\n<p>&nbsp;<\/p>\n<p>&nbsp;<\/p>\n<p>&nbsp;<\/p>\n<p>&nbsp;[\/vc_column_text][\/vc_column][\/vc_row]<\/p>\n","protected":false},"excerpt":{"rendered":"<p>[vc_row css=&#8221;.vc_custom_1675703833533{padding-top: 20px !important;}&#8221;][vc_column width=&#8221;5\/6&#8243;][vc_single_image image=&#8221;9646&#8243; img_size=&#8221;large&#8221; style=&#8221;vc_box_border_circle_2&#8243;][vc_column_text]Marco Covarelli Presidente MANHANDWORK[\/vc_column_text][\/vc_column][vc_column width=&#8221;1\/6&#8243;][vc_single_image image=&#8221;8197&#8243;][\/vc_column][\/vc_row][vc_row][vc_column][vc_column_text] La logistica \u00e8 un settore che sta vivendo rapidi cambiamenti. Quali sono i principali fattori che hanno trasformato il settore negli ultimi anni, e quale ruolo rivestono la competenza e la flessibilit\u00e0 in questo contesto? Il settore della logistica ha fatto enormi [&hellip;]<\/p>\n","protected":false},"author":2,"featured_media":0,"parent":0,"menu_order":0,"comment_status":"closed","ping_status":"closed","template":"","meta":{"footnotes":""},"yoast_head":"<!-- This site is optimized with the Yoast SEO plugin v22.8 - https:\/\/yoast.com\/wordpress\/plugins\/seo\/ -->\n<title>Intervista - It&#039;s all RETAIL<\/title>\n<meta name=\"robots\" content=\"index, follow, max-snippet:-1, max-image-preview:large, max-video-preview:-1\" \/>\n<link rel=\"canonical\" href=\"https:\/\/its-all-retail.com\/index.php\/marco-covarelli-presidente-manhandwork\/\" \/>\n<meta property=\"og:locale\" content=\"it_IT\" \/>\n<meta property=\"og:type\" content=\"article\" \/>\n<meta property=\"og:title\" content=\"Intervista - It&#039;s all RETAIL\" \/>\n<meta property=\"og:description\" content=\"[vc_row css=&#8221;.vc_custom_1675703833533{padding-top: 20px !important;}&#8221;][vc_column width=&#8221;5\/6&#8243;][vc_single_image image=&#8221;9646&#8243; img_size=&#8221;large&#8221; style=&#8221;vc_box_border_circle_2&#8243;][vc_column_text]Marco Covarelli Presidente MANHANDWORK[\/vc_column_text][\/vc_column][vc_column width=&#8221;1\/6&#8243;][vc_single_image image=&#8221;8197&#8243;][\/vc_column][\/vc_row][vc_row][vc_column][vc_column_text] La logistica \u00e8 un settore che sta vivendo rapidi cambiamenti. Quali sono i principali fattori che hanno trasformato il settore negli ultimi anni, e quale ruolo rivestono la competenza e la flessibilit\u00e0 in questo contesto? Il settore della logistica ha fatto enormi [&hellip;]\" \/>\n<meta property=\"og:url\" content=\"https:\/\/its-all-retail.com\/index.php\/marco-covarelli-presidente-manhandwork\/\" \/>\n<meta property=\"og:site_name\" content=\"It&#039;s all RETAIL\" \/>\n<meta property=\"article:modified_time\" content=\"2025-03-11T17:17:22+00:00\" \/>\n<meta name=\"twitter:card\" content=\"summary_large_image\" \/>\n<meta name=\"twitter:label1\" content=\"Tempo di lettura stimato\" \/>\n\t<meta name=\"twitter:data1\" content=\"4 minuti\" \/>\n<script type=\"application\/ld+json\" class=\"yoast-schema-graph\">{\"@context\":\"https:\/\/schema.org\",\"@graph\":[{\"@type\":\"WebPage\",\"@id\":\"https:\/\/its-all-retail.com\/index.php\/marco-covarelli-presidente-manhandwork\/\",\"url\":\"https:\/\/its-all-retail.com\/index.php\/marco-covarelli-presidente-manhandwork\/\",\"name\":\"Intervista - It&#039;s all RETAIL\",\"isPartOf\":{\"@id\":\"https:\/\/its-all-retail.com\/#website\"},\"datePublished\":\"2025-03-11T17:14:40+00:00\",\"dateModified\":\"2025-03-11T17:17:22+00:00\",\"breadcrumb\":{\"@id\":\"https:\/\/its-all-retail.com\/index.php\/marco-covarelli-presidente-manhandwork\/#breadcrumb\"},\"inLanguage\":\"it-IT\",\"potentialAction\":[{\"@type\":\"ReadAction\",\"target\":[\"https:\/\/its-all-retail.com\/index.php\/marco-covarelli-presidente-manhandwork\/\"]}]},{\"@type\":\"BreadcrumbList\",\"@id\":\"https:\/\/its-all-retail.com\/index.php\/marco-covarelli-presidente-manhandwork\/#breadcrumb\",\"itemListElement\":[{\"@type\":\"ListItem\",\"position\":1,\"name\":\"Home\",\"item\":\"https:\/\/its-all-retail.com\/\"},{\"@type\":\"ListItem\",\"position\":2,\"name\":\"Intervista\"}]},{\"@type\":\"WebSite\",\"@id\":\"https:\/\/its-all-retail.com\/#website\",\"url\":\"https:\/\/its-all-retail.com\/\",\"name\":\"It&#039;s all RETAIL\",\"description\":\"Connecting Retailers\",\"potentialAction\":[{\"@type\":\"SearchAction\",\"target\":{\"@type\":\"EntryPoint\",\"urlTemplate\":\"https:\/\/its-all-retail.com\/?s={search_term_string}\"},\"query-input\":\"required name=search_term_string\"}],\"inLanguage\":\"it-IT\"}]}<\/script>\n<!-- \/ Yoast SEO plugin. -->","yoast_head_json":{"title":"Intervista - It&#039;s all RETAIL","robots":{"index":"index","follow":"follow","max-snippet":"max-snippet:-1","max-image-preview":"max-image-preview:large","max-video-preview":"max-video-preview:-1"},"canonical":"https:\/\/its-all-retail.com\/index.php\/marco-covarelli-presidente-manhandwork\/","og_locale":"it_IT","og_type":"article","og_title":"Intervista - It&#039;s all RETAIL","og_description":"[vc_row css=&#8221;.vc_custom_1675703833533{padding-top: 20px !important;}&#8221;][vc_column width=&#8221;5\/6&#8243;][vc_single_image image=&#8221;9646&#8243; img_size=&#8221;large&#8221; style=&#8221;vc_box_border_circle_2&#8243;][vc_column_text]Marco Covarelli Presidente MANHANDWORK[\/vc_column_text][\/vc_column][vc_column width=&#8221;1\/6&#8243;][vc_single_image image=&#8221;8197&#8243;][\/vc_column][\/vc_row][vc_row][vc_column][vc_column_text] La logistica \u00e8 un settore che sta vivendo rapidi cambiamenti. Quali sono i principali fattori che hanno trasformato il settore negli ultimi anni, e quale ruolo rivestono la competenza e la flessibilit\u00e0 in questo contesto? Il settore della logistica ha fatto enormi [&hellip;]","og_url":"https:\/\/its-all-retail.com\/index.php\/marco-covarelli-presidente-manhandwork\/","og_site_name":"It&#039;s all RETAIL","article_modified_time":"2025-03-11T17:17:22+00:00","twitter_card":"summary_large_image","twitter_misc":{"Tempo di lettura stimato":"4 minuti"},"schema":{"@context":"https:\/\/schema.org","@graph":[{"@type":"WebPage","@id":"https:\/\/its-all-retail.com\/index.php\/marco-covarelli-presidente-manhandwork\/","url":"https:\/\/its-all-retail.com\/index.php\/marco-covarelli-presidente-manhandwork\/","name":"Intervista - It&#039;s all RETAIL","isPartOf":{"@id":"https:\/\/its-all-retail.com\/#website"},"datePublished":"2025-03-11T17:14:40+00:00","dateModified":"2025-03-11T17:17:22+00:00","breadcrumb":{"@id":"https:\/\/its-all-retail.com\/index.php\/marco-covarelli-presidente-manhandwork\/#breadcrumb"},"inLanguage":"it-IT","potentialAction":[{"@type":"ReadAction","target":["https:\/\/its-all-retail.com\/index.php\/marco-covarelli-presidente-manhandwork\/"]}]},{"@type":"BreadcrumbList","@id":"https:\/\/its-all-retail.com\/index.php\/marco-covarelli-presidente-manhandwork\/#breadcrumb","itemListElement":[{"@type":"ListItem","position":1,"name":"Home","item":"https:\/\/its-all-retail.com\/"},{"@type":"ListItem","position":2,"name":"Intervista"}]},{"@type":"WebSite","@id":"https:\/\/its-all-retail.com\/#website","url":"https:\/\/its-all-retail.com\/","name":"It&#039;s all RETAIL","description":"Connecting Retailers","potentialAction":[{"@type":"SearchAction","target":{"@type":"EntryPoint","urlTemplate":"https:\/\/its-all-retail.com\/?s={search_term_string}"},"query-input":"required name=search_term_string"}],"inLanguage":"it-IT"}]}},"_links":{"self":[{"href":"https:\/\/its-all-retail.com\/index.php\/wp-json\/wp\/v2\/pages\/9885"}],"collection":[{"href":"https:\/\/its-all-retail.com\/index.php\/wp-json\/wp\/v2\/pages"}],"about":[{"href":"https:\/\/its-all-retail.com\/index.php\/wp-json\/wp\/v2\/types\/page"}],"author":[{"embeddable":true,"href":"https:\/\/its-all-retail.com\/index.php\/wp-json\/wp\/v2\/users\/2"}],"replies":[{"embeddable":true,"href":"https:\/\/its-all-retail.com\/index.php\/wp-json\/wp\/v2\/comments?post=9885"}],"version-history":[{"count":2,"href":"https:\/\/its-all-retail.com\/index.php\/wp-json\/wp\/v2\/pages\/9885\/revisions"}],"predecessor-version":[{"id":9887,"href":"https:\/\/its-all-retail.com\/index.php\/wp-json\/wp\/v2\/pages\/9885\/revisions\/9887"}],"wp:attachment":[{"href":"https:\/\/its-all-retail.com\/index.php\/wp-json\/wp\/v2\/media?parent=9885"}],"curies":[{"name":"wp","href":"https:\/\/api.w.org\/{rel}","templated":true}]}}