{"id":9854,"date":"2025-03-05T22:19:15","date_gmt":"2025-03-05T21:19:15","guid":{"rendered":"https:\/\/its-all-retail.com\/?page_id=9854"},"modified":"2025-03-05T22:23:12","modified_gmt":"2025-03-05T21:23:12","slug":"intervista-simone-giandolfi-sales-director-centric-software","status":"publish","type":"page","link":"https:\/\/its-all-retail.com\/index.php\/intervista-simone-giandolfi-sales-director-centric-software\/","title":{"rendered":"Intervista"},"content":{"rendered":"<p>[vc_row css=&#8221;.vc_custom_1675703833533{padding-top: 20px !important;}&#8221;][vc_column width=&#8221;5\/6&#8243;][vc_single_image image=&#8221;9825&#8243; img_size=&#8221;large&#8221; style=&#8221;vc_box_border_circle_2&#8243;][vc_column_text]<strong>Simone Giandolfi <\/strong>Sales Director <strong>CENTRIC SOFTWARE<\/strong>[\/vc_column_text][\/vc_column][vc_column width=&#8221;1\/6&#8243;][vc_single_image image=&#8221;8197&#8243;][\/vc_column][\/vc_row][vc_row][vc_column][vc_column_text]<\/p>\n<h2><span style=\"color: #333333;\">La maggior parte dei retailer e dei brand \u00e8 abituata a prendere decisioni basandosi sui dati del passato. Esiste la possibilit\u00e0 di agire con dati in tempo reale?<\/span><\/h2>\n<p>Effettivamente, \u00e8 una pratica consolidata pianificare e prendere decisioni strategiche basandosi sui dati storici. Tuttavia, \u00e8 lecito chiedersi se questa abitudine derivi dalla mancanza di alternative. Oggi, l\u2019Intelligenza Artificiale, se gestita da esperti del settore, \u00e8 in grado di fornire dati che in passato non erano disponibili o che richiedevano tempi di elaborazione cos\u00ec lunghi da renderli obsoleti al momento dell\u2019utilizzo. Negli ultimi 10 anni, Centric, leader storico nel PLM, ha investito nello sviluppo di nuove soluzioni AI-native per offrire al mercato strumenti innovativi che supportano la crescita e digitalizzano processi chiave per le performance aziendali. Ad esempio, con Centric Market Intelligence, \u00e8 possibile analizzare in tempo reale i trend di mercato, gli assortimenti e i prezzi della concorrenza, nonch\u00e9 il proprio posizionamento all\u2019interno di un determinato mercato. Ci\u00f2 che prima richiedeva in media 10 giorni di lavoro e il coinvolgimento di pi\u00f9 persone, oggi pu\u00f2 essere ottenuto in poche ore, permettendo ai team di<br \/>\nconcentrarsi su attivit\u00e0 a maggiore valore strategico per l\u2019azienda. Se vogliamo prevenire stock- out e mancate vendite, oltre ad assicurarci che i nostri clienti trovino nei nostri siti web o negozi ci\u00f2 che cercano, Centric Planning porta il pi\u00f9 potente tool di assortment planning, con una interfaccia altamente visiva, semplice ed efficace, grazie al supporto delle nostre Visual Boards.<\/p>\n<p>&nbsp;<\/p>\n<h2><span style=\"color: #333333;\">La situazione del mercato oggi sembra in contrazione. Cosa consigliano gli esperti di Centric?<\/span><\/h2>\n<p>Uno dei consigli chiave \u00e8 agire con maggiore rapidit\u00e0. In un mercato dinamico come quello attuale, la velocit\u00e0 \u00e8 un vantaggio competitivo fondamentale. Ad esempio, grazie a Centric PLM, il time-to-market pu\u00f2 essere ridotto fino al 70%, consentendo a brand e retailer di trasformare le sfide in opportunit\u00e0. Inoltre, essere rapidi significa prevenire ritardi e blocchi inutili. Bisogna quindi creare assortimenti allineati con la domanda, che oggi cambia molto pi\u00f9 velocemente<br \/>\nrispetto al passato a causa dell\u2019influenza di molteplici canali comunicativi e social media. Con Centric Market Intelligence, \u00e8 possibile monitorare i trend e le strategie della concorrenza in tempo reale. Queste informazioni possono poi essere utilizzate per ottimizzare gli assortimenti con Centric Planning e per adottare strategie di pricing e promozione efficaci con Centric Pricing, in modo da trovare il giusto equilibrio tra la protezione del margine e il corretto posizionamento prezzo. L\u2019insieme di queste soluzioni offre ai nostri clienti un vantaggio competitivo tangibile, traducendosi in una maggiore reattivit\u00e0 e crescita sostenibile nel tempo.<\/p>\n<p>&nbsp;<\/p>\n<p>&nbsp;<\/p>\n<p>&nbsp;<\/p>\n<p>&nbsp;[\/vc_column_text][\/vc_column][\/vc_row]<\/p>\n","protected":false},"excerpt":{"rendered":"<p>[vc_row css=&#8221;.vc_custom_1675703833533{padding-top: 20px !important;}&#8221;][vc_column width=&#8221;5\/6&#8243;][vc_single_image image=&#8221;9825&#8243; img_size=&#8221;large&#8221; style=&#8221;vc_box_border_circle_2&#8243;][vc_column_text]Simone Giandolfi Sales Director CENTRIC SOFTWARE[\/vc_column_text][\/vc_column][vc_column width=&#8221;1\/6&#8243;][vc_single_image image=&#8221;8197&#8243;][\/vc_column][\/vc_row][vc_row][vc_column][vc_column_text] La maggior parte dei retailer e dei brand \u00e8 abituata a prendere decisioni basandosi sui dati del passato. Esiste la possibilit\u00e0 di agire con dati in tempo reale? Effettivamente, \u00e8 una pratica consolidata pianificare e prendere decisioni strategiche basandosi sui [&hellip;]<\/p>\n","protected":false},"author":2,"featured_media":0,"parent":0,"menu_order":0,"comment_status":"closed","ping_status":"closed","template":"","meta":{"footnotes":""},"yoast_head":"<!-- This site is optimized with the Yoast SEO plugin v22.8 - https:\/\/yoast.com\/wordpress\/plugins\/seo\/ -->\n<title>Intervista - It&#039;s all RETAIL<\/title>\n<meta name=\"robots\" content=\"index, follow, max-snippet:-1, max-image-preview:large, max-video-preview:-1\" \/>\n<link rel=\"canonical\" href=\"https:\/\/its-all-retail.com\/index.php\/intervista-simone-giandolfi-sales-director-centric-software\/\" \/>\n<meta property=\"og:locale\" content=\"it_IT\" \/>\n<meta property=\"og:type\" content=\"article\" \/>\n<meta property=\"og:title\" content=\"Intervista - It&#039;s all RETAIL\" \/>\n<meta property=\"og:description\" content=\"[vc_row css=&#8221;.vc_custom_1675703833533{padding-top: 20px !important;}&#8221;][vc_column width=&#8221;5\/6&#8243;][vc_single_image image=&#8221;9825&#8243; img_size=&#8221;large&#8221; style=&#8221;vc_box_border_circle_2&#8243;][vc_column_text]Simone Giandolfi Sales Director CENTRIC SOFTWARE[\/vc_column_text][\/vc_column][vc_column width=&#8221;1\/6&#8243;][vc_single_image image=&#8221;8197&#8243;][\/vc_column][\/vc_row][vc_row][vc_column][vc_column_text] La maggior parte dei retailer e dei brand \u00e8 abituata a prendere decisioni basandosi sui dati del passato. Esiste la possibilit\u00e0 di agire con dati in tempo reale? Effettivamente, \u00e8 una pratica consolidata pianificare e prendere decisioni strategiche basandosi sui [&hellip;]\" \/>\n<meta property=\"og:url\" content=\"https:\/\/its-all-retail.com\/index.php\/intervista-simone-giandolfi-sales-director-centric-software\/\" \/>\n<meta property=\"og:site_name\" content=\"It&#039;s all RETAIL\" \/>\n<meta property=\"article:modified_time\" content=\"2025-03-05T21:23:12+00:00\" \/>\n<meta name=\"twitter:card\" content=\"summary_large_image\" \/>\n<meta name=\"twitter:label1\" content=\"Tempo di lettura stimato\" \/>\n\t<meta name=\"twitter:data1\" content=\"3 minuti\" \/>\n<script type=\"application\/ld+json\" class=\"yoast-schema-graph\">{\"@context\":\"https:\/\/schema.org\",\"@graph\":[{\"@type\":\"WebPage\",\"@id\":\"https:\/\/its-all-retail.com\/index.php\/intervista-simone-giandolfi-sales-director-centric-software\/\",\"url\":\"https:\/\/its-all-retail.com\/index.php\/intervista-simone-giandolfi-sales-director-centric-software\/\",\"name\":\"Intervista - It&#039;s all RETAIL\",\"isPartOf\":{\"@id\":\"https:\/\/its-all-retail.com\/#website\"},\"datePublished\":\"2025-03-05T21:19:15+00:00\",\"dateModified\":\"2025-03-05T21:23:12+00:00\",\"breadcrumb\":{\"@id\":\"https:\/\/its-all-retail.com\/index.php\/intervista-simone-giandolfi-sales-director-centric-software\/#breadcrumb\"},\"inLanguage\":\"it-IT\",\"potentialAction\":[{\"@type\":\"ReadAction\",\"target\":[\"https:\/\/its-all-retail.com\/index.php\/intervista-simone-giandolfi-sales-director-centric-software\/\"]}]},{\"@type\":\"BreadcrumbList\",\"@id\":\"https:\/\/its-all-retail.com\/index.php\/intervista-simone-giandolfi-sales-director-centric-software\/#breadcrumb\",\"itemListElement\":[{\"@type\":\"ListItem\",\"position\":1,\"name\":\"Home\",\"item\":\"https:\/\/its-all-retail.com\/\"},{\"@type\":\"ListItem\",\"position\":2,\"name\":\"Intervista\"}]},{\"@type\":\"WebSite\",\"@id\":\"https:\/\/its-all-retail.com\/#website\",\"url\":\"https:\/\/its-all-retail.com\/\",\"name\":\"It&#039;s all RETAIL\",\"description\":\"Connecting Retailers\",\"potentialAction\":[{\"@type\":\"SearchAction\",\"target\":{\"@type\":\"EntryPoint\",\"urlTemplate\":\"https:\/\/its-all-retail.com\/?s={search_term_string}\"},\"query-input\":\"required name=search_term_string\"}],\"inLanguage\":\"it-IT\"}]}<\/script>\n<!-- \/ Yoast SEO plugin. -->","yoast_head_json":{"title":"Intervista - It&#039;s all RETAIL","robots":{"index":"index","follow":"follow","max-snippet":"max-snippet:-1","max-image-preview":"max-image-preview:large","max-video-preview":"max-video-preview:-1"},"canonical":"https:\/\/its-all-retail.com\/index.php\/intervista-simone-giandolfi-sales-director-centric-software\/","og_locale":"it_IT","og_type":"article","og_title":"Intervista - It&#039;s all RETAIL","og_description":"[vc_row css=&#8221;.vc_custom_1675703833533{padding-top: 20px !important;}&#8221;][vc_column width=&#8221;5\/6&#8243;][vc_single_image image=&#8221;9825&#8243; img_size=&#8221;large&#8221; style=&#8221;vc_box_border_circle_2&#8243;][vc_column_text]Simone Giandolfi Sales Director CENTRIC SOFTWARE[\/vc_column_text][\/vc_column][vc_column width=&#8221;1\/6&#8243;][vc_single_image image=&#8221;8197&#8243;][\/vc_column][\/vc_row][vc_row][vc_column][vc_column_text] La maggior parte dei retailer e dei brand \u00e8 abituata a prendere decisioni basandosi sui dati del passato. Esiste la possibilit\u00e0 di agire con dati in tempo reale? Effettivamente, \u00e8 una pratica consolidata pianificare e prendere decisioni strategiche basandosi sui [&hellip;]","og_url":"https:\/\/its-all-retail.com\/index.php\/intervista-simone-giandolfi-sales-director-centric-software\/","og_site_name":"It&#039;s all RETAIL","article_modified_time":"2025-03-05T21:23:12+00:00","twitter_card":"summary_large_image","twitter_misc":{"Tempo di lettura stimato":"3 minuti"},"schema":{"@context":"https:\/\/schema.org","@graph":[{"@type":"WebPage","@id":"https:\/\/its-all-retail.com\/index.php\/intervista-simone-giandolfi-sales-director-centric-software\/","url":"https:\/\/its-all-retail.com\/index.php\/intervista-simone-giandolfi-sales-director-centric-software\/","name":"Intervista - It&#039;s all RETAIL","isPartOf":{"@id":"https:\/\/its-all-retail.com\/#website"},"datePublished":"2025-03-05T21:19:15+00:00","dateModified":"2025-03-05T21:23:12+00:00","breadcrumb":{"@id":"https:\/\/its-all-retail.com\/index.php\/intervista-simone-giandolfi-sales-director-centric-software\/#breadcrumb"},"inLanguage":"it-IT","potentialAction":[{"@type":"ReadAction","target":["https:\/\/its-all-retail.com\/index.php\/intervista-simone-giandolfi-sales-director-centric-software\/"]}]},{"@type":"BreadcrumbList","@id":"https:\/\/its-all-retail.com\/index.php\/intervista-simone-giandolfi-sales-director-centric-software\/#breadcrumb","itemListElement":[{"@type":"ListItem","position":1,"name":"Home","item":"https:\/\/its-all-retail.com\/"},{"@type":"ListItem","position":2,"name":"Intervista"}]},{"@type":"WebSite","@id":"https:\/\/its-all-retail.com\/#website","url":"https:\/\/its-all-retail.com\/","name":"It&#039;s all RETAIL","description":"Connecting Retailers","potentialAction":[{"@type":"SearchAction","target":{"@type":"EntryPoint","urlTemplate":"https:\/\/its-all-retail.com\/?s={search_term_string}"},"query-input":"required name=search_term_string"}],"inLanguage":"it-IT"}]}},"_links":{"self":[{"href":"https:\/\/its-all-retail.com\/index.php\/wp-json\/wp\/v2\/pages\/9854"}],"collection":[{"href":"https:\/\/its-all-retail.com\/index.php\/wp-json\/wp\/v2\/pages"}],"about":[{"href":"https:\/\/its-all-retail.com\/index.php\/wp-json\/wp\/v2\/types\/page"}],"author":[{"embeddable":true,"href":"https:\/\/its-all-retail.com\/index.php\/wp-json\/wp\/v2\/users\/2"}],"replies":[{"embeddable":true,"href":"https:\/\/its-all-retail.com\/index.php\/wp-json\/wp\/v2\/comments?post=9854"}],"version-history":[{"count":4,"href":"https:\/\/its-all-retail.com\/index.php\/wp-json\/wp\/v2\/pages\/9854\/revisions"}],"predecessor-version":[{"id":9858,"href":"https:\/\/its-all-retail.com\/index.php\/wp-json\/wp\/v2\/pages\/9854\/revisions\/9858"}],"wp:attachment":[{"href":"https:\/\/its-all-retail.com\/index.php\/wp-json\/wp\/v2\/media?parent=9854"}],"curies":[{"name":"wp","href":"https:\/\/api.w.org\/{rel}","templated":true}]}}