{"id":9841,"date":"2025-03-04T18:26:33","date_gmt":"2025-03-04T17:26:33","guid":{"rendered":"https:\/\/its-all-retail.com\/?page_id=9841"},"modified":"2025-03-04T18:29:20","modified_gmt":"2025-03-04T17:29:20","slug":"intervista-giorgio-cuttica-parvasoft","status":"publish","type":"page","link":"https:\/\/its-all-retail.com\/index.php\/intervista-giorgio-cuttica-parvasoft\/","title":{"rendered":"Intervista"},"content":{"rendered":"<p>[vc_row css=&#8221;.vc_custom_1675703833533{padding-top: 20px !important;}&#8221;][vc_column width=&#8221;5\/6&#8243;][vc_single_image image=&#8221;9657&#8243; img_size=&#8221;large&#8221; style=&#8221;vc_box_border_circle_2&#8243;][vc_column_text]<strong>Giorgio Cuttica <\/strong>Presidente <strong>PARVASOFT<\/strong>[\/vc_column_text][\/vc_column][vc_column width=&#8221;1\/6&#8243;][vc_single_image image=&#8221;8197&#8243;][\/vc_column][\/vc_row][vc_row][vc_column][vc_column_text]<\/p>\n<h2><span style=\"color: #333333;\"><strong>Di cosa si occupa il progetto ParvaSoft?<\/strong><\/span><\/h2>\n<p>ParvaSoft S.p.A. \u00e8 una realt\u00e0 giovane e dinamica nata nel 2024 che opera come investitore e coordinatore di soluzioni digitali innovative, con un forte focus su intelligenza artificiale e machine learning. Siamo specializzati nella fornitura di soluzioni digitali, servizi specialistici e piattaforme digitali orchestrate e AI. L&#8217;obiettivo iniziale di ParvaSoft \u00e8 quello di fornire prodotti e soluzioni software fortemente integrati per gestire la catena di fornitura estesa sia per le aziende manifatturiere che per tutte le realta\u2019 che operano nel mondo dei vettori internazionali e della movimentazione merci. Il focus e\u2019 rappresentato dalle esigenze in termini di pianificazione e tracciamento dei vettori di trasporto, considerando il profondo impatto che l&#8217;introduzione dell&#8217;intelligenza artificiale porter\u00e0 in questi ambiti.<\/p>\n<p>ParvaSoft opera aggregando aziende gi\u00e0 operanti in questo settore insieme ad altre aziende in grado di offrire soluzioni avanzate basate sull&#8217;IA al mondo delle aziende manifatturiere e degli operatori logistici. L&#8217;obiettivo di ParvaSoft \u00e8 quello di sviluppare e integrare queste aziende, al fine di offrire al mercato una soluzione end-to-end. La piattaforma che distinguera\u2019 l\u2019offerta ParvaSoft integra oltre vent&#8217;anni di esperienza nei settori manifatturiero, logistico e dei trasporti, offrendo soluzioni software avanzate per la gestione della supply chain. L\u2019obiettivo \u00e8 ottimizzare produzione, approvvigionamento e tracking dei flussi di trasporto, migliorando la visibilit\u00e0 e l\u2019efficienza delle operazioni logistiche. ParvaSoft opera altresi\u2019 collaborando con partner tecnologici leader di settore per sviluppare una soluzione end-to-end, proponendola inizialmente a livello nazionale e successivamente europeo. Il gruppo Parvasoft aspira a guidare l\u2019adozione e lo sviluppo di tecnologie AI per migliorare efficienza operativa e creare nuovi prodotti e servizi per le imprese. Fornisce alle Line of Business le competenze ed i servizi professionali fondamentali per lo sviluppo dei progetti AI. Inoltre, Parvasoft supporta le aziende attraverso una formazione progettata per fornire alle organizzazioni una comprensione pi\u00f9 approfondita e pratica delle tecnologie, applicazioni e potenzialit\u00e0 dell\u2019AI.<\/p>\n<p>&nbsp;<\/p>\n<h2><span style=\"color: #333333;\"><strong>ParvaSoft in concreto, come intende realizzare il progetto?<\/strong><\/span><\/h2>\n<p>ParvaSoft ha identificato la trasparenza come elemento chiave per il futuro della logistica. Il problema principale della logistica tradizionale \u00e8 la mancanza di tracciabilit\u00e0, che causa ritardi imprevisti, difficolt\u00e0 nel monitoraggio delle merci e una comunicazione inefficace tra gli attori coinvolti. Per risolvere queste criticit\u00e0, abbiamo sviluppato un innovativo sistema di Workflow Management, che permette il monitoraggio in tempo reale di ogni fase della spedizione, dalla partenza alla consegna finale. Questo strumento, realizzato adottando la filosofia dei \u201cprocessi orchestrati\u201d, consente ai clienti di seguire ogni movimento delle merci, coinvolgendo di volta in volta per ogni fase del processo solo le persone direttamente coinvolte, garantendo una comunicazione chiara e immediata tra fornitori, trasportatori e destinatari.<\/p>\n<p>Il sistema \u00e8 accessibile da browser e dispositivi mobili ed \u00e8 progettato per semplificare la gestione delle spedizioni, migliorando l&#8217;efficienza e l&#8217;affidabilit\u00e0. L\u2019utente inserisce i dati attraverso un\u2019interfaccia intuitiva e il sistema genera automaticamente il workflow logistico, assegnando e pianificando ogni attivit\u00e0 necessaria. Una volta avviata la spedizione, il piano operativo coinvolge gli enti necessari nel momento giusto e gestisce le risorse fondamentali, come trasporto, carico, scarico e documentazione doganale. La dashboard interattiva permette di visualizzare la posizione del carico, i tempi di transito e le previsioni di arrivo, identificando eventuali ritardi o problemi. Inoltre, le notifiche automatiche aggiornano costantemente gli utenti via browser o mobile, permettendo un intervento tempestivo in caso di necessit\u00e0.<\/p>\n<p>Oltre alla gestione delle spedizioni, il sistema offre strumenti avanzati per l&#8217;analisi dei dati storici, consentendo di valutare i tempi di esecuzione delle varie fasi, individuare i punti critici e analizzare l\u2019efficienza di fornitori e trasportatori. Il tool gestisce le eccezioni con facilit\u00e0, offre soluzioni rapide e permette di intervenire immediatamente per risolvere l\u2019eccezione come ad esempio: la revisione documentale, l\u2019aggiornamento della data di arrivo e la comunicazione con i fornitori o trasportatori. In questa fase l\u2019introduzione e l\u2019utilizzo di algoritmi legati all\u2019IA rende piu\u2019 efficace l\u2019attivita\u2019 di analisi predittiva. Per gli spedizionieri significa rafforzare la propria brand reputation, fidelizzare la clientela con una gestione trasparente degli ordini e rimanere competitivi con una logistica innovativa. Per l\u2019industria, invece, comporta visibilit\u00e0 totale sulla spedizione, maggiore efficienza grazie alla riduzione dei tempi di attesa, un vantaggio competitivo e una maggior soddisfazione del cliente finale derivante da una gestione moderna e trasparente. ParvaSoft sta ridefinendo il futuro della logistica, offrendo una soluzione innovativa che garantisce tracciabilit\u00e0, efficienza e affidabilit\u00e0 per tutte le parti coinvolte nella supply chain.<\/p>\n<p>&nbsp;<\/p>\n<p>&nbsp;<\/p>\n<p>&nbsp;<\/p>\n<p>&nbsp;[\/vc_column_text][\/vc_column][\/vc_row]<\/p>\n","protected":false},"excerpt":{"rendered":"<p>[vc_row css=&#8221;.vc_custom_1675703833533{padding-top: 20px !important;}&#8221;][vc_column width=&#8221;5\/6&#8243;][vc_single_image image=&#8221;9657&#8243; img_size=&#8221;large&#8221; style=&#8221;vc_box_border_circle_2&#8243;][vc_column_text]Giorgio Cuttica Presidente PARVASOFT[\/vc_column_text][\/vc_column][vc_column width=&#8221;1\/6&#8243;][vc_single_image image=&#8221;8197&#8243;][\/vc_column][\/vc_row][vc_row][vc_column][vc_column_text] Di cosa si occupa il progetto ParvaSoft? ParvaSoft S.p.A. \u00e8 una realt\u00e0 giovane e dinamica nata nel 2024 che opera come investitore e coordinatore di soluzioni digitali innovative, con un forte focus su intelligenza artificiale e machine learning. Siamo specializzati nella fornitura [&hellip;]<\/p>\n","protected":false},"author":2,"featured_media":0,"parent":0,"menu_order":0,"comment_status":"closed","ping_status":"closed","template":"","meta":{"footnotes":""},"yoast_head":"<!-- This site is optimized with the Yoast SEO plugin v22.8 - https:\/\/yoast.com\/wordpress\/plugins\/seo\/ -->\n<title>Intervista - It&#039;s all RETAIL<\/title>\n<meta name=\"robots\" content=\"index, follow, max-snippet:-1, max-image-preview:large, max-video-preview:-1\" \/>\n<link rel=\"canonical\" href=\"https:\/\/its-all-retail.com\/index.php\/intervista-giorgio-cuttica-parvasoft\/\" \/>\n<meta property=\"og:locale\" content=\"it_IT\" \/>\n<meta property=\"og:type\" content=\"article\" \/>\n<meta property=\"og:title\" content=\"Intervista - It&#039;s all RETAIL\" \/>\n<meta property=\"og:description\" content=\"[vc_row css=&#8221;.vc_custom_1675703833533{padding-top: 20px !important;}&#8221;][vc_column width=&#8221;5\/6&#8243;][vc_single_image image=&#8221;9657&#8243; img_size=&#8221;large&#8221; style=&#8221;vc_box_border_circle_2&#8243;][vc_column_text]Giorgio Cuttica Presidente PARVASOFT[\/vc_column_text][\/vc_column][vc_column width=&#8221;1\/6&#8243;][vc_single_image image=&#8221;8197&#8243;][\/vc_column][\/vc_row][vc_row][vc_column][vc_column_text] Di cosa si occupa il progetto ParvaSoft? ParvaSoft S.p.A. \u00e8 una realt\u00e0 giovane e dinamica nata nel 2024 che opera come investitore e coordinatore di soluzioni digitali innovative, con un forte focus su intelligenza artificiale e machine learning. Siamo specializzati nella fornitura [&hellip;]\" \/>\n<meta property=\"og:url\" content=\"https:\/\/its-all-retail.com\/index.php\/intervista-giorgio-cuttica-parvasoft\/\" \/>\n<meta property=\"og:site_name\" content=\"It&#039;s all RETAIL\" \/>\n<meta property=\"article:modified_time\" content=\"2025-03-04T17:29:20+00:00\" \/>\n<meta name=\"twitter:card\" content=\"summary_large_image\" \/>\n<meta name=\"twitter:label1\" content=\"Tempo di lettura stimato\" \/>\n\t<meta name=\"twitter:data1\" content=\"4 minuti\" \/>\n<script type=\"application\/ld+json\" class=\"yoast-schema-graph\">{\"@context\":\"https:\/\/schema.org\",\"@graph\":[{\"@type\":\"WebPage\",\"@id\":\"https:\/\/its-all-retail.com\/index.php\/intervista-giorgio-cuttica-parvasoft\/\",\"url\":\"https:\/\/its-all-retail.com\/index.php\/intervista-giorgio-cuttica-parvasoft\/\",\"name\":\"Intervista - It&#039;s all RETAIL\",\"isPartOf\":{\"@id\":\"https:\/\/its-all-retail.com\/#website\"},\"datePublished\":\"2025-03-04T17:26:33+00:00\",\"dateModified\":\"2025-03-04T17:29:20+00:00\",\"breadcrumb\":{\"@id\":\"https:\/\/its-all-retail.com\/index.php\/intervista-giorgio-cuttica-parvasoft\/#breadcrumb\"},\"inLanguage\":\"it-IT\",\"potentialAction\":[{\"@type\":\"ReadAction\",\"target\":[\"https:\/\/its-all-retail.com\/index.php\/intervista-giorgio-cuttica-parvasoft\/\"]}]},{\"@type\":\"BreadcrumbList\",\"@id\":\"https:\/\/its-all-retail.com\/index.php\/intervista-giorgio-cuttica-parvasoft\/#breadcrumb\",\"itemListElement\":[{\"@type\":\"ListItem\",\"position\":1,\"name\":\"Home\",\"item\":\"https:\/\/its-all-retail.com\/\"},{\"@type\":\"ListItem\",\"position\":2,\"name\":\"Intervista\"}]},{\"@type\":\"WebSite\",\"@id\":\"https:\/\/its-all-retail.com\/#website\",\"url\":\"https:\/\/its-all-retail.com\/\",\"name\":\"It&#039;s all RETAIL\",\"description\":\"Connecting Retailers\",\"potentialAction\":[{\"@type\":\"SearchAction\",\"target\":{\"@type\":\"EntryPoint\",\"urlTemplate\":\"https:\/\/its-all-retail.com\/?s={search_term_string}\"},\"query-input\":\"required name=search_term_string\"}],\"inLanguage\":\"it-IT\"}]}<\/script>\n<!-- \/ Yoast SEO plugin. -->","yoast_head_json":{"title":"Intervista - It&#039;s all RETAIL","robots":{"index":"index","follow":"follow","max-snippet":"max-snippet:-1","max-image-preview":"max-image-preview:large","max-video-preview":"max-video-preview:-1"},"canonical":"https:\/\/its-all-retail.com\/index.php\/intervista-giorgio-cuttica-parvasoft\/","og_locale":"it_IT","og_type":"article","og_title":"Intervista - It&#039;s all RETAIL","og_description":"[vc_row css=&#8221;.vc_custom_1675703833533{padding-top: 20px !important;}&#8221;][vc_column width=&#8221;5\/6&#8243;][vc_single_image image=&#8221;9657&#8243; img_size=&#8221;large&#8221; style=&#8221;vc_box_border_circle_2&#8243;][vc_column_text]Giorgio Cuttica Presidente PARVASOFT[\/vc_column_text][\/vc_column][vc_column width=&#8221;1\/6&#8243;][vc_single_image image=&#8221;8197&#8243;][\/vc_column][\/vc_row][vc_row][vc_column][vc_column_text] Di cosa si occupa il progetto ParvaSoft? ParvaSoft S.p.A. \u00e8 una realt\u00e0 giovane e dinamica nata nel 2024 che opera come investitore e coordinatore di soluzioni digitali innovative, con un forte focus su intelligenza artificiale e machine learning. Siamo specializzati nella fornitura [&hellip;]","og_url":"https:\/\/its-all-retail.com\/index.php\/intervista-giorgio-cuttica-parvasoft\/","og_site_name":"It&#039;s all RETAIL","article_modified_time":"2025-03-04T17:29:20+00:00","twitter_card":"summary_large_image","twitter_misc":{"Tempo di lettura stimato":"4 minuti"},"schema":{"@context":"https:\/\/schema.org","@graph":[{"@type":"WebPage","@id":"https:\/\/its-all-retail.com\/index.php\/intervista-giorgio-cuttica-parvasoft\/","url":"https:\/\/its-all-retail.com\/index.php\/intervista-giorgio-cuttica-parvasoft\/","name":"Intervista - It&#039;s all RETAIL","isPartOf":{"@id":"https:\/\/its-all-retail.com\/#website"},"datePublished":"2025-03-04T17:26:33+00:00","dateModified":"2025-03-04T17:29:20+00:00","breadcrumb":{"@id":"https:\/\/its-all-retail.com\/index.php\/intervista-giorgio-cuttica-parvasoft\/#breadcrumb"},"inLanguage":"it-IT","potentialAction":[{"@type":"ReadAction","target":["https:\/\/its-all-retail.com\/index.php\/intervista-giorgio-cuttica-parvasoft\/"]}]},{"@type":"BreadcrumbList","@id":"https:\/\/its-all-retail.com\/index.php\/intervista-giorgio-cuttica-parvasoft\/#breadcrumb","itemListElement":[{"@type":"ListItem","position":1,"name":"Home","item":"https:\/\/its-all-retail.com\/"},{"@type":"ListItem","position":2,"name":"Intervista"}]},{"@type":"WebSite","@id":"https:\/\/its-all-retail.com\/#website","url":"https:\/\/its-all-retail.com\/","name":"It&#039;s all RETAIL","description":"Connecting Retailers","potentialAction":[{"@type":"SearchAction","target":{"@type":"EntryPoint","urlTemplate":"https:\/\/its-all-retail.com\/?s={search_term_string}"},"query-input":"required name=search_term_string"}],"inLanguage":"it-IT"}]}},"_links":{"self":[{"href":"https:\/\/its-all-retail.com\/index.php\/wp-json\/wp\/v2\/pages\/9841"}],"collection":[{"href":"https:\/\/its-all-retail.com\/index.php\/wp-json\/wp\/v2\/pages"}],"about":[{"href":"https:\/\/its-all-retail.com\/index.php\/wp-json\/wp\/v2\/types\/page"}],"author":[{"embeddable":true,"href":"https:\/\/its-all-retail.com\/index.php\/wp-json\/wp\/v2\/users\/2"}],"replies":[{"embeddable":true,"href":"https:\/\/its-all-retail.com\/index.php\/wp-json\/wp\/v2\/comments?post=9841"}],"version-history":[{"count":2,"href":"https:\/\/its-all-retail.com\/index.php\/wp-json\/wp\/v2\/pages\/9841\/revisions"}],"predecessor-version":[{"id":9843,"href":"https:\/\/its-all-retail.com\/index.php\/wp-json\/wp\/v2\/pages\/9841\/revisions\/9843"}],"wp:attachment":[{"href":"https:\/\/its-all-retail.com\/index.php\/wp-json\/wp\/v2\/media?parent=9841"}],"curies":[{"name":"wp","href":"https:\/\/api.w.org\/{rel}","templated":true}]}}