{"id":9765,"date":"2025-02-19T09:41:45","date_gmt":"2025-02-19T08:41:45","guid":{"rendered":"https:\/\/its-all-retail.com\/?page_id=9765"},"modified":"2025-02-19T09:51:22","modified_gmt":"2025-02-19T08:51:22","slug":"intervista-dimarco-marketpay","status":"publish","type":"page","link":"https:\/\/its-all-retail.com\/index.php\/intervista-dimarco-marketpay\/","title":{"rendered":"Intervista"},"content":{"rendered":"<p>[vc_row css=&#8221;.vc_custom_1675703833533{padding-top: 20px !important;}&#8221;][vc_column width=&#8221;5\/6&#8243;][vc_single_image image=&#8221;9732&#8243; img_size=&#8221;large&#8221; style=&#8221;vc_box_border_circle_2&#8243;][vc_column_text]<\/p>\n<p style=\"text-align: left;\"><strong>Giuseppe Di Marco<\/strong> Country Manager Italy <strong>MARKET PAY<\/strong><\/p>\n<p>[\/vc_column_text][\/vc_column][vc_column width=&#8221;1\/6&#8243;][vc_single_image image=&#8221;8197&#8243;][\/vc_column][\/vc_row][vc_row][vc_column][vc_column_text]<\/p>\n<h2><span style=\"color: #333333;\">In che modo la Unified Payment Platform di Market Pay semplifica l\u2019accettazione dei pagamenti per i commercianti e aiuta i retailer italiani a migliorare l\u2019esperienza del cliente e ottimizzare l\u2019efficienza operativa?<\/span><\/h2>\n<p>La\u00a0<strong>Unified Payment Platform<\/strong>\u00a0di Market Pay offre ai retailer europei una soluzione integrata per semplificare la gestione dei pagamenti su tutti i canali di vendita, migliorando al tempo stesso l\u2019esperienza cliente e l\u2019efficienza operativa.<\/p>\n<p>Grazie all\u2019integrazione di pagamenti\u00a0<strong>in-store, online e su smartphone<\/strong>\u00a0in un\u2019unica piattaforma, i retailer possono offrire ai clienti un\u2019esperienza di pagamento fluida e coerente, oggi pi\u00f9 che mai essenziale in un mercato sempre pi\u00f9 digitale. L\u2019ottimizzazione dei pagamenti gioca un ruolo cruciale in questo processo, consentendo alle aziende di ridurre i costi e massimizzare l\u2019efficienza. La piattaforma di Market Pay gestisce ogni transazione nel modo pi\u00f9 rapido ed economicamente vantaggioso, ottimizzando le fee di acquiring e riducendo commissioni superflue. Il risultato \u00e8 un flusso di pagamento ottimizzato, che incrementa la redditivit\u00e0 aziendale senza compromettere la customer experience.<\/p>\n<p>Il mercato italiano sta assistendo a una crescita esponenziale dei pagamenti digitali. Nella prima met\u00e0 del 2024, il numero totale di transazioni cashless nell\u2019area euro \u00e8 aumentato di quasi\u00a0<strong>il 10%<\/strong>\u00a0rispetto allo stesso periodo del 2023. <strong>I pagamenti con carta rappresentano oggi pi\u00f9 della met\u00e0<\/strong><strong>\u00a0<\/strong><strong>delle transazioni<\/strong>, confermando la transizione verso un\u2019economia sempre pi\u00f9 cashless.<\/p>\n<p>Per rispondere a questa evoluzione, Market Pay supporta un\u2019ampia gamma di metodi di pagamento, tra cui\u00a0<strong>carte contactless, wallet digitali<\/strong>\u00a0come Apple Pay e Google Pay, e soluzioni innovative come il\u00a0<strong>Buy Now, Pay Later (BNPL)<\/strong>. Questa flessibilit\u00e0 consente ai retailer di\u00a0<strong>adattarsi alle preferenze dei consumatori<\/strong>, migliorando l\u2019esperienza d\u2019acquisto e aumentando le conversioni.<\/p>\n<p>Inoltre, l\u2019efficienza operativa \u00e8 potenziata da strumenti avanzati di\u00a0<strong>reporting centralizzato e analisi dati in tempo reale<\/strong>. I retailer possono monitorare tutte le transazioni in modo unificato, ottimizzando la gestione di scorte, personale e strategie di marketing. Questi insight consentono di ridurre i rischi di frode, minimizzare le transazioni rifiutate e garantire un\u2019esperienza di pagamento fluida e senza interruzioni.<\/p>\n<p>Infine, sicurezza e conformit\u00e0 normativa sono pilastri della nostra piattaforma. Market Pay garantisce\u00a0<strong>transazioni sicure e conformi agli standard pi\u00f9 elevati del settore<\/strong>, in un panorama in cui i pagamenti digitali non sono solo un\u2019opzione, ma una necessit\u00e0 per rimanere competitivi.<\/p>\n<p>&nbsp;<\/p>\n<h2><span style=\"color: #333333;\"><strong>Con la crescita dello shopping omnicanale, i retailer necessitano di soluzioni di pagamento integrate tra i canali fisici e digitali. In che modo l\u2019offerta di Market Pay supporta una strategia omnicanale e quali trend stanno plasmando il futuro dei pagamenti per i retailer italiani?<\/strong><\/span><\/h2>\n<p>I consumatori italiani si aspettano un\u2019esperienza di acquisto\u00a0<strong>senza interruzioni<\/strong>, che consenta di passare con facilit\u00e0 dallo shopping in negozio agli acquisti online e mobile. La\u00a0<strong>Unified Payment Platform<\/strong>\u00a0di Market Pay \u00e8 progettata proprio per rispondere a questa esigenza, offrendo ai retailer un sistema di pagamento\u00a0<strong>integrato, efficiente e sicuro<\/strong>\u00a0su tutti i canali di vendita.<\/p>\n<p>Al centro di questa strategia c\u2019\u00e8 il\u00a0<strong>Market Pay Hub<\/strong>, che fornisce ai commercianti una\u00a0<strong>visione centralizzata e in tempo reale<\/strong>\u00a0di tutti i flussi di pagamento. Indipendentemente dal canale utilizzato \u2014 POS tradizionale o <strong>SmartPOS<\/strong> in negozio,\u00a0<strong>SoftPOS<\/strong>,\u00a0canali <strong>e-commerce<\/strong>\u00a0\u2014 tutti i dati vengono consolidati in un\u2019unica piattaforma. Questo approccio permette ai retailer di\u00a0<strong>ottimizzare la gestione del business, monitorare le vendite multi-canale e prendere decisioni strategiche basate su dati aggiornati in tempo reale<\/strong>.<\/p>\n<p>Grazie a questa gestione unificata, i retailer possono:<br \/>\n<strong>&#8211; Semplificare l\u2019amministrazione finanziaria<\/strong><strong><br \/>\n<\/strong><strong>&#8211; Ottimizzare il processo di riconciliazione<\/strong><strong><br \/>\n<\/strong><strong>&#8211; Ottenere insight strategici per migliorare le performance di vendita<\/strong><\/p>\n<p>Nel contesto attuale, caratterizzato da\u00a0<strong>cambiamenti nelle preferenze dei consumatori, picchi stagionali e nuove esigenze di mercato<\/strong>, disporre di una piattaforma centralizzata aiuta le aziende a\u00a0<strong>rispondere rapidamente alle dinamiche di mercato<\/strong>\u00a0e a migliorare l\u2019efficienza operativa. Invece di gestire\u00a0<strong>dati di pagamento frammentati<\/strong>\u00a0tra pi\u00f9 fornitori, Market Pay consente di monitorare l\u2019intero ecosistema di pagamenti\u00a0<strong>da un unico punto di controllo<\/strong>, semplificando le operazioni quotidiane.<\/p>\n<p>Un altro aspetto cruciale \u00e8 la\u00a0<strong>sicurezza<\/strong>. Con l\u2019introduzione di normative sempre pi\u00f9 stringenti, Market Pay garantisce la conformit\u00e0 ai pi\u00f9 alti standard, inclusa la certificazione\u00a0<strong>PCI DSS<\/strong>, e offre strumenti avanzati di\u00a0<strong>rilevamento frodi basati su intelligenza artificiale<\/strong>, che monitorano le transazioni in tempo reale per ridurre i rischi senza impattare l\u2019esperienza cliente.<\/p>\n<p><strong>I trend che stanno ridefinendo il panorama dei pagamenti<\/strong><\/p>\n<p>Guardando al futuro, diversi trend stanno trasformando il settore:<br \/>\n&#8211; <strong>Adozione di SmartPOS e SoftPOS<\/strong>\u00a0per una maggiore flessibilit\u00e0 nei pagamenti.<br \/>\n&#8211; <strong>Crescita dei wallet digitali e delle soluzioni BNPL<\/strong>, rispondendo alla domanda di metodi di pagamento alternativi.<br \/>\n&#8211; <strong>Aumento dell\u2019uso dell\u2019intelligenza artificiale<\/strong>\u00a0per ottimizzare le operazioni e migliorare il coinvolgimento dei clienti attraverso insight data-driven.<\/p>\n<p>Market Pay si impegna a fornire\u00a0<strong>strumenti innovativi e tecnologicamente avanzati<\/strong>\u00a0per affrontare queste trasformazioni. L\u2019obiettivo \u00e8 offrire\u00a0<strong>un\u2019infrastruttura di pagamento all\u2019avanguardia<\/strong>, che non solo semplifichi l\u2019accettazione dei pagamenti, ma fornisca anche insight strategici, migliori la sicurezza e supporti la crescita del business.<\/p>\n<p>&nbsp;<\/p>\n<p><strong>Conclusione<\/strong><\/p>\n<p>La Unified Payment Platform di Market Pay \u00e8 molto pi\u00f9 di una soluzione di pagamento: \u00e8\u00a0<strong>uno strumento strategico<\/strong>\u00a0per i retailer italiani che vogliono semplificare la gestione finanziaria, ridurre i costi e offrire ai clienti un\u2019esperienza di pagamento moderna e integrata.<\/p>\n<p>Grazie alla sua\u00a0<strong>flessibilit\u00e0, sicurezza e capacit\u00e0 di ottimizzazione<\/strong>, Market Pay aiuta le aziende a\u00a0<strong>rimanere competitive in un mercato in continua evoluzione<\/strong>.<\/p>\n<p>&nbsp;<\/p>\n<p><em>Giuseppe DI MARCO<\/em><br \/>\n<em>Country Manager Italy <\/em><br \/>\n<em>giuseppe.dimarco@market-pay.com<\/em><br \/>\n<em>+39 335 771 64 61<\/em><\/p>\n<p>&nbsp;[\/vc_column_text][\/vc_column][\/vc_row]<\/p>\n","protected":false},"excerpt":{"rendered":"<p>[vc_row css=&#8221;.vc_custom_1675703833533{padding-top: 20px !important;}&#8221;][vc_column width=&#8221;5\/6&#8243;][vc_single_image image=&#8221;9732&#8243; img_size=&#8221;large&#8221; style=&#8221;vc_box_border_circle_2&#8243;][vc_column_text] Giuseppe Di Marco Country Manager Italy MARKET PAY [\/vc_column_text][\/vc_column][vc_column width=&#8221;1\/6&#8243;][vc_single_image image=&#8221;8197&#8243;][\/vc_column][\/vc_row][vc_row][vc_column][vc_column_text] In che modo la Unified Payment Platform di Market Pay semplifica l\u2019accettazione dei pagamenti per i commercianti e aiuta i retailer italiani a migliorare l\u2019esperienza del cliente e ottimizzare l\u2019efficienza operativa? La\u00a0Unified Payment Platform\u00a0di Market Pay [&hellip;]<\/p>\n","protected":false},"author":2,"featured_media":0,"parent":0,"menu_order":0,"comment_status":"closed","ping_status":"closed","template":"","meta":{"footnotes":""},"yoast_head":"<!-- This site is optimized with the Yoast SEO plugin v22.8 - https:\/\/yoast.com\/wordpress\/plugins\/seo\/ -->\n<title>Intervista - It&#039;s all RETAIL<\/title>\n<meta name=\"robots\" content=\"index, follow, max-snippet:-1, max-image-preview:large, max-video-preview:-1\" \/>\n<link rel=\"canonical\" href=\"https:\/\/its-all-retail.com\/index.php\/intervista-dimarco-marketpay\/\" \/>\n<meta property=\"og:locale\" content=\"it_IT\" \/>\n<meta property=\"og:type\" content=\"article\" \/>\n<meta property=\"og:title\" content=\"Intervista - It&#039;s all RETAIL\" \/>\n<meta property=\"og:description\" content=\"[vc_row css=&#8221;.vc_custom_1675703833533{padding-top: 20px !important;}&#8221;][vc_column width=&#8221;5\/6&#8243;][vc_single_image image=&#8221;9732&#8243; img_size=&#8221;large&#8221; style=&#8221;vc_box_border_circle_2&#8243;][vc_column_text] Giuseppe Di Marco Country Manager Italy MARKET PAY [\/vc_column_text][\/vc_column][vc_column width=&#8221;1\/6&#8243;][vc_single_image image=&#8221;8197&#8243;][\/vc_column][\/vc_row][vc_row][vc_column][vc_column_text] In che modo la Unified Payment Platform di Market Pay semplifica l\u2019accettazione dei pagamenti per i commercianti e aiuta i retailer italiani a migliorare l\u2019esperienza del cliente e ottimizzare l\u2019efficienza operativa? La\u00a0Unified Payment Platform\u00a0di Market Pay [&hellip;]\" \/>\n<meta property=\"og:url\" content=\"https:\/\/its-all-retail.com\/index.php\/intervista-dimarco-marketpay\/\" \/>\n<meta property=\"og:site_name\" content=\"It&#039;s all RETAIL\" \/>\n<meta property=\"article:modified_time\" content=\"2025-02-19T08:51:22+00:00\" \/>\n<meta name=\"twitter:card\" content=\"summary_large_image\" \/>\n<meta name=\"twitter:label1\" content=\"Tempo di lettura stimato\" \/>\n\t<meta name=\"twitter:data1\" content=\"5 minuti\" \/>\n<script type=\"application\/ld+json\" class=\"yoast-schema-graph\">{\"@context\":\"https:\/\/schema.org\",\"@graph\":[{\"@type\":\"WebPage\",\"@id\":\"https:\/\/its-all-retail.com\/index.php\/intervista-dimarco-marketpay\/\",\"url\":\"https:\/\/its-all-retail.com\/index.php\/intervista-dimarco-marketpay\/\",\"name\":\"Intervista - It&#039;s all RETAIL\",\"isPartOf\":{\"@id\":\"https:\/\/its-all-retail.com\/#website\"},\"datePublished\":\"2025-02-19T08:41:45+00:00\",\"dateModified\":\"2025-02-19T08:51:22+00:00\",\"breadcrumb\":{\"@id\":\"https:\/\/its-all-retail.com\/index.php\/intervista-dimarco-marketpay\/#breadcrumb\"},\"inLanguage\":\"it-IT\",\"potentialAction\":[{\"@type\":\"ReadAction\",\"target\":[\"https:\/\/its-all-retail.com\/index.php\/intervista-dimarco-marketpay\/\"]}]},{\"@type\":\"BreadcrumbList\",\"@id\":\"https:\/\/its-all-retail.com\/index.php\/intervista-dimarco-marketpay\/#breadcrumb\",\"itemListElement\":[{\"@type\":\"ListItem\",\"position\":1,\"name\":\"Home\",\"item\":\"https:\/\/its-all-retail.com\/\"},{\"@type\":\"ListItem\",\"position\":2,\"name\":\"Intervista\"}]},{\"@type\":\"WebSite\",\"@id\":\"https:\/\/its-all-retail.com\/#website\",\"url\":\"https:\/\/its-all-retail.com\/\",\"name\":\"It&#039;s all RETAIL\",\"description\":\"Connecting Retailers\",\"potentialAction\":[{\"@type\":\"SearchAction\",\"target\":{\"@type\":\"EntryPoint\",\"urlTemplate\":\"https:\/\/its-all-retail.com\/?s={search_term_string}\"},\"query-input\":\"required name=search_term_string\"}],\"inLanguage\":\"it-IT\"}]}<\/script>\n<!-- \/ Yoast SEO plugin. -->","yoast_head_json":{"title":"Intervista - It&#039;s all RETAIL","robots":{"index":"index","follow":"follow","max-snippet":"max-snippet:-1","max-image-preview":"max-image-preview:large","max-video-preview":"max-video-preview:-1"},"canonical":"https:\/\/its-all-retail.com\/index.php\/intervista-dimarco-marketpay\/","og_locale":"it_IT","og_type":"article","og_title":"Intervista - It&#039;s all RETAIL","og_description":"[vc_row css=&#8221;.vc_custom_1675703833533{padding-top: 20px !important;}&#8221;][vc_column width=&#8221;5\/6&#8243;][vc_single_image image=&#8221;9732&#8243; img_size=&#8221;large&#8221; style=&#8221;vc_box_border_circle_2&#8243;][vc_column_text] Giuseppe Di Marco Country Manager Italy MARKET PAY [\/vc_column_text][\/vc_column][vc_column width=&#8221;1\/6&#8243;][vc_single_image image=&#8221;8197&#8243;][\/vc_column][\/vc_row][vc_row][vc_column][vc_column_text] In che modo la Unified Payment Platform di Market Pay semplifica l\u2019accettazione dei pagamenti per i commercianti e aiuta i retailer italiani a migliorare l\u2019esperienza del cliente e ottimizzare l\u2019efficienza operativa? La\u00a0Unified Payment Platform\u00a0di Market Pay [&hellip;]","og_url":"https:\/\/its-all-retail.com\/index.php\/intervista-dimarco-marketpay\/","og_site_name":"It&#039;s all RETAIL","article_modified_time":"2025-02-19T08:51:22+00:00","twitter_card":"summary_large_image","twitter_misc":{"Tempo di lettura stimato":"5 minuti"},"schema":{"@context":"https:\/\/schema.org","@graph":[{"@type":"WebPage","@id":"https:\/\/its-all-retail.com\/index.php\/intervista-dimarco-marketpay\/","url":"https:\/\/its-all-retail.com\/index.php\/intervista-dimarco-marketpay\/","name":"Intervista - It&#039;s all RETAIL","isPartOf":{"@id":"https:\/\/its-all-retail.com\/#website"},"datePublished":"2025-02-19T08:41:45+00:00","dateModified":"2025-02-19T08:51:22+00:00","breadcrumb":{"@id":"https:\/\/its-all-retail.com\/index.php\/intervista-dimarco-marketpay\/#breadcrumb"},"inLanguage":"it-IT","potentialAction":[{"@type":"ReadAction","target":["https:\/\/its-all-retail.com\/index.php\/intervista-dimarco-marketpay\/"]}]},{"@type":"BreadcrumbList","@id":"https:\/\/its-all-retail.com\/index.php\/intervista-dimarco-marketpay\/#breadcrumb","itemListElement":[{"@type":"ListItem","position":1,"name":"Home","item":"https:\/\/its-all-retail.com\/"},{"@type":"ListItem","position":2,"name":"Intervista"}]},{"@type":"WebSite","@id":"https:\/\/its-all-retail.com\/#website","url":"https:\/\/its-all-retail.com\/","name":"It&#039;s all RETAIL","description":"Connecting Retailers","potentialAction":[{"@type":"SearchAction","target":{"@type":"EntryPoint","urlTemplate":"https:\/\/its-all-retail.com\/?s={search_term_string}"},"query-input":"required name=search_term_string"}],"inLanguage":"it-IT"}]}},"_links":{"self":[{"href":"https:\/\/its-all-retail.com\/index.php\/wp-json\/wp\/v2\/pages\/9765"}],"collection":[{"href":"https:\/\/its-all-retail.com\/index.php\/wp-json\/wp\/v2\/pages"}],"about":[{"href":"https:\/\/its-all-retail.com\/index.php\/wp-json\/wp\/v2\/types\/page"}],"author":[{"embeddable":true,"href":"https:\/\/its-all-retail.com\/index.php\/wp-json\/wp\/v2\/users\/2"}],"replies":[{"embeddable":true,"href":"https:\/\/its-all-retail.com\/index.php\/wp-json\/wp\/v2\/comments?post=9765"}],"version-history":[{"count":3,"href":"https:\/\/its-all-retail.com\/index.php\/wp-json\/wp\/v2\/pages\/9765\/revisions"}],"predecessor-version":[{"id":9768,"href":"https:\/\/its-all-retail.com\/index.php\/wp-json\/wp\/v2\/pages\/9765\/revisions\/9768"}],"wp:attachment":[{"href":"https:\/\/its-all-retail.com\/index.php\/wp-json\/wp\/v2\/media?parent=9765"}],"curies":[{"name":"wp","href":"https:\/\/api.w.org\/{rel}","templated":true}]}}