{"id":9432,"date":"2024-11-04T09:24:31","date_gmt":"2024-11-04T08:24:31","guid":{"rendered":"https:\/\/its-all-retail.com\/?page_id=9432"},"modified":"2024-11-04T09:24:57","modified_gmt":"2024-11-04T08:24:57","slug":"intervista-riva-akeneo-2","status":"publish","type":"page","link":"https:\/\/its-all-retail.com\/index.php\/intervista-riva-akeneo-2\/","title":{"rendered":"Intervista"},"content":{"rendered":"<p>[vc_row css=&#8221;.vc_custom_1675703833533{padding-top: 20px !important;}&#8221;][vc_column width=&#8221;5\/6&#8243;][vc_single_image image=&#8221;8147&#8243; img_size=&#8221;large&#8221; style=&#8221;vc_box_border_circle_2&#8243;][vc_column_text]<\/p>\n<p style=\"text-align: left;\"><span style=\"color: #000000;\"><strong>Alessandro Riva <\/strong>Head of Italy<\/span><span style=\"color: #000000;\">\u00a0<strong>AKENEO<\/strong><\/span><\/p>\n<p>[\/vc_column_text][\/vc_column][vc_column width=&#8221;1\/6&#8243;][vc_single_image image=&#8221;8197&#8243;][\/vc_column][\/vc_row][vc_row][vc_column][vc_column_text]<\/p>\n<h2><span style=\"color: #333333;\">Come migliorare la crescita della vostra azienda con il PIM?<\/span><\/h2>\n<p>Il sistema di Product Information Management (PIM) consente di raggruppare agevolmente le informazioni di prodotto al fine di trasmetterle al consumatore finale in maniera pi\u00f9 chiara e immediata.<br \/>\nUn PIM \u00e8 utile per gestire tre passaggi chiave, sia in ambito B2B sia B2C: il sistema permette di acquisire i dati da diverse fonti (ERP aziendale o database dei produttori), offre strumenti per arricchirle e verificare che tutto sia stato inserito in maniera corretta e adeguata ai canali di comunicazione e vendita, le veicola nei diversi mezzi, dalle piattaforme di e-commerce ai volantini stampati. L\u2019efficienza dei PIM, inoltre, permette di ridurre i costi correlati alla gestione e all\u2019aggiornamento dei cataloghi: avendo tutte le informazioni raccolte in un unico luogo, quindi, i workflow interni saranno pi\u00f9 lineari e ogni destinatario avr\u00e0 a disposizione le informazioni pi\u00f9 recenti e aggiornate.<br \/>\nL\u2019efficienza dei PIM, infatti, permette di ridurre i costi correlati alla gestione e all\u2019aggiornamento dei cataloghi prodotti. Avendo tutte le informazioni raccolte in un unico luogo, i workflow interni saranno pi\u00f9 lineari e si avr\u00e0 sempre la certezza che tutti abbiano a disposizione le informazioni pi\u00f9 recenti e aggiornate. In termini pratici, questo riduce il time-to-market ed \u00e8 un ausilio anche nelle strategie multicanale e, soprattutto, nelle aperture verso i mercati internazionali: essendo tutte le informazioni sui prodotti accessibili da un unico punto, sar\u00e0 pi\u00f9 semplice sia declinare le schede prodotto sui vari canali, online e offline, sia gestire il processo di localizzazione, dato che sar\u00e0 subito evidente quali elementi del catalogo siano stati tradotti, quali ancora no.<br \/>\nLe integrazioni con servizi e piattaforme di terze parti sono un ulteriore elemento che contraddistingue i PIM, e che permette di rafforzare i rapporti con partner, fornitori e rivenditori, che collegando i loro sistemi potranno avere schede sempre aggiornate all\u2019ultima versione sui vari prodotti, eliminando il rischio di offrire agli utenti finali dati ormai obsoleti su prezzi, immagini o descrizioni.<\/p>\n<p>&nbsp;<\/p>\n<h2><span style=\"color: #333333;\">Che cos&#8217;\u00e8 il Product Experience Management (PXM)?<\/span><\/h2>\n<p>La gestione dell\u2019esperienza del prodotto, o PXM (Product Experience Management), consente ai brand e ai retailer di offrire agli acquirenti queste esperienze superiori, che si traducono in un maggior tasso di conversione, riduzione dei resi, miglioramento della soddisfazione del cliente e una maggiore fedelt\u00e0 al marchio.<br \/>\nUtilizzando il PIM come un motore per la gestione dell\u2019esperienza del prodotto, per automatizzare le attivit\u00e0 manuali e ripetitive legate alla raccolta, alla standardizzazione e all\u2019arricchimento del contenuto dei prodotti, i team di marketing e di eCommerce possono rivolgere la propria attenzione alla contestualizzazione delle informazioni sui prodotti, prima di distribuirle su ogni canale.<br \/>\nContestualizzare i dati sui prodotti pu\u00f2 avere diversi effetti positivi: utilizzare le giuste immagini, scegliere le descrizioni pi\u00f9 appropriate, valorizzare i giusti attributi e molto altro. Ognuno di questi aspetti deve essere tarato con precisione in base al contesto, alle norme e agli standard culturali, alle regole e ai requisiti di ciascun canale di vendita e alle modalit\u00e0 in cui gli acquirenti interagiscono con il proprio brand. Con gli strumenti giusti, \u00e8 dunque possibile sfruttare le informazioni utili sui prodotti per ottimizzare ulteriormente la pratica PXM.<br \/>\nLa gestione dell\u2019esperienza di prodotto \u00e8 la soluzione per creare quelle esperienze personalizzate che i clienti si aspettano. Implementando una soluzione PIM, brand e retailer possono restare competitivi nel mercato dell\u2019eCommerce e incrementare i tassi di conversione con informazioni di prodotti pertinenti e complete.<\/p>\n<p>[\/vc_column_text][\/vc_column][\/vc_row]<\/p>\n","protected":false},"excerpt":{"rendered":"<p>[vc_row css=&#8221;.vc_custom_1675703833533{padding-top: 20px !important;}&#8221;][vc_column width=&#8221;5\/6&#8243;][vc_single_image image=&#8221;8147&#8243; img_size=&#8221;large&#8221; style=&#8221;vc_box_border_circle_2&#8243;][vc_column_text] Alessandro Riva Head of Italy\u00a0AKENEO [\/vc_column_text][\/vc_column][vc_column width=&#8221;1\/6&#8243;][vc_single_image image=&#8221;8197&#8243;][\/vc_column][\/vc_row][vc_row][vc_column][vc_column_text] Come migliorare la crescita della vostra azienda con il PIM? Il sistema di Product Information Management (PIM) consente di raggruppare agevolmente le informazioni di prodotto al fine di trasmetterle al consumatore finale in maniera pi\u00f9 chiara e immediata. Un [&hellip;]<\/p>\n","protected":false},"author":2,"featured_media":0,"parent":0,"menu_order":0,"comment_status":"closed","ping_status":"closed","template":"","meta":{"footnotes":""},"yoast_head":"<!-- This site is optimized with the Yoast SEO plugin v22.8 - https:\/\/yoast.com\/wordpress\/plugins\/seo\/ -->\n<title>Intervista - It&#039;s all RETAIL<\/title>\n<meta name=\"robots\" content=\"index, follow, max-snippet:-1, max-image-preview:large, max-video-preview:-1\" \/>\n<link rel=\"canonical\" href=\"https:\/\/its-all-retail.com\/index.php\/intervista-riva-akeneo-2\/\" \/>\n<meta property=\"og:locale\" content=\"it_IT\" \/>\n<meta property=\"og:type\" content=\"article\" \/>\n<meta property=\"og:title\" content=\"Intervista - It&#039;s all RETAIL\" \/>\n<meta property=\"og:description\" content=\"[vc_row css=&#8221;.vc_custom_1675703833533{padding-top: 20px !important;}&#8221;][vc_column width=&#8221;5\/6&#8243;][vc_single_image image=&#8221;8147&#8243; img_size=&#8221;large&#8221; style=&#8221;vc_box_border_circle_2&#8243;][vc_column_text] Alessandro Riva Head of Italy\u00a0AKENEO [\/vc_column_text][\/vc_column][vc_column width=&#8221;1\/6&#8243;][vc_single_image image=&#8221;8197&#8243;][\/vc_column][\/vc_row][vc_row][vc_column][vc_column_text] Come migliorare la crescita della vostra azienda con il PIM? Il sistema di Product Information Management (PIM) consente di raggruppare agevolmente le informazioni di prodotto al fine di trasmetterle al consumatore finale in maniera pi\u00f9 chiara e immediata. Un [&hellip;]\" \/>\n<meta property=\"og:url\" content=\"https:\/\/its-all-retail.com\/index.php\/intervista-riva-akeneo-2\/\" \/>\n<meta property=\"og:site_name\" content=\"It&#039;s all RETAIL\" \/>\n<meta property=\"article:modified_time\" content=\"2024-11-04T08:24:57+00:00\" \/>\n<meta name=\"twitter:card\" content=\"summary_large_image\" \/>\n<meta name=\"twitter:label1\" content=\"Tempo di lettura stimato\" \/>\n\t<meta name=\"twitter:data1\" content=\"4 minuti\" \/>\n<script type=\"application\/ld+json\" class=\"yoast-schema-graph\">{\"@context\":\"https:\/\/schema.org\",\"@graph\":[{\"@type\":\"WebPage\",\"@id\":\"https:\/\/its-all-retail.com\/index.php\/intervista-riva-akeneo-2\/\",\"url\":\"https:\/\/its-all-retail.com\/index.php\/intervista-riva-akeneo-2\/\",\"name\":\"Intervista - It&#039;s all RETAIL\",\"isPartOf\":{\"@id\":\"https:\/\/its-all-retail.com\/#website\"},\"datePublished\":\"2024-11-04T08:24:31+00:00\",\"dateModified\":\"2024-11-04T08:24:57+00:00\",\"breadcrumb\":{\"@id\":\"https:\/\/its-all-retail.com\/index.php\/intervista-riva-akeneo-2\/#breadcrumb\"},\"inLanguage\":\"it-IT\",\"potentialAction\":[{\"@type\":\"ReadAction\",\"target\":[\"https:\/\/its-all-retail.com\/index.php\/intervista-riva-akeneo-2\/\"]}]},{\"@type\":\"BreadcrumbList\",\"@id\":\"https:\/\/its-all-retail.com\/index.php\/intervista-riva-akeneo-2\/#breadcrumb\",\"itemListElement\":[{\"@type\":\"ListItem\",\"position\":1,\"name\":\"Home\",\"item\":\"https:\/\/its-all-retail.com\/\"},{\"@type\":\"ListItem\",\"position\":2,\"name\":\"Intervista\"}]},{\"@type\":\"WebSite\",\"@id\":\"https:\/\/its-all-retail.com\/#website\",\"url\":\"https:\/\/its-all-retail.com\/\",\"name\":\"It&#039;s all RETAIL\",\"description\":\"Connecting Retailers\",\"potentialAction\":[{\"@type\":\"SearchAction\",\"target\":{\"@type\":\"EntryPoint\",\"urlTemplate\":\"https:\/\/its-all-retail.com\/?s={search_term_string}\"},\"query-input\":\"required name=search_term_string\"}],\"inLanguage\":\"it-IT\"}]}<\/script>\n<!-- \/ Yoast SEO plugin. -->","yoast_head_json":{"title":"Intervista - It&#039;s all RETAIL","robots":{"index":"index","follow":"follow","max-snippet":"max-snippet:-1","max-image-preview":"max-image-preview:large","max-video-preview":"max-video-preview:-1"},"canonical":"https:\/\/its-all-retail.com\/index.php\/intervista-riva-akeneo-2\/","og_locale":"it_IT","og_type":"article","og_title":"Intervista - It&#039;s all RETAIL","og_description":"[vc_row css=&#8221;.vc_custom_1675703833533{padding-top: 20px !important;}&#8221;][vc_column width=&#8221;5\/6&#8243;][vc_single_image image=&#8221;8147&#8243; img_size=&#8221;large&#8221; style=&#8221;vc_box_border_circle_2&#8243;][vc_column_text] Alessandro Riva Head of Italy\u00a0AKENEO [\/vc_column_text][\/vc_column][vc_column width=&#8221;1\/6&#8243;][vc_single_image image=&#8221;8197&#8243;][\/vc_column][\/vc_row][vc_row][vc_column][vc_column_text] Come migliorare la crescita della vostra azienda con il PIM? Il sistema di Product Information Management (PIM) consente di raggruppare agevolmente le informazioni di prodotto al fine di trasmetterle al consumatore finale in maniera pi\u00f9 chiara e immediata. Un [&hellip;]","og_url":"https:\/\/its-all-retail.com\/index.php\/intervista-riva-akeneo-2\/","og_site_name":"It&#039;s all RETAIL","article_modified_time":"2024-11-04T08:24:57+00:00","twitter_card":"summary_large_image","twitter_misc":{"Tempo di lettura stimato":"4 minuti"},"schema":{"@context":"https:\/\/schema.org","@graph":[{"@type":"WebPage","@id":"https:\/\/its-all-retail.com\/index.php\/intervista-riva-akeneo-2\/","url":"https:\/\/its-all-retail.com\/index.php\/intervista-riva-akeneo-2\/","name":"Intervista - It&#039;s all RETAIL","isPartOf":{"@id":"https:\/\/its-all-retail.com\/#website"},"datePublished":"2024-11-04T08:24:31+00:00","dateModified":"2024-11-04T08:24:57+00:00","breadcrumb":{"@id":"https:\/\/its-all-retail.com\/index.php\/intervista-riva-akeneo-2\/#breadcrumb"},"inLanguage":"it-IT","potentialAction":[{"@type":"ReadAction","target":["https:\/\/its-all-retail.com\/index.php\/intervista-riva-akeneo-2\/"]}]},{"@type":"BreadcrumbList","@id":"https:\/\/its-all-retail.com\/index.php\/intervista-riva-akeneo-2\/#breadcrumb","itemListElement":[{"@type":"ListItem","position":1,"name":"Home","item":"https:\/\/its-all-retail.com\/"},{"@type":"ListItem","position":2,"name":"Intervista"}]},{"@type":"WebSite","@id":"https:\/\/its-all-retail.com\/#website","url":"https:\/\/its-all-retail.com\/","name":"It&#039;s all RETAIL","description":"Connecting Retailers","potentialAction":[{"@type":"SearchAction","target":{"@type":"EntryPoint","urlTemplate":"https:\/\/its-all-retail.com\/?s={search_term_string}"},"query-input":"required name=search_term_string"}],"inLanguage":"it-IT"}]}},"_links":{"self":[{"href":"https:\/\/its-all-retail.com\/index.php\/wp-json\/wp\/v2\/pages\/9432"}],"collection":[{"href":"https:\/\/its-all-retail.com\/index.php\/wp-json\/wp\/v2\/pages"}],"about":[{"href":"https:\/\/its-all-retail.com\/index.php\/wp-json\/wp\/v2\/types\/page"}],"author":[{"embeddable":true,"href":"https:\/\/its-all-retail.com\/index.php\/wp-json\/wp\/v2\/users\/2"}],"replies":[{"embeddable":true,"href":"https:\/\/its-all-retail.com\/index.php\/wp-json\/wp\/v2\/comments?post=9432"}],"version-history":[{"count":1,"href":"https:\/\/its-all-retail.com\/index.php\/wp-json\/wp\/v2\/pages\/9432\/revisions"}],"predecessor-version":[{"id":9434,"href":"https:\/\/its-all-retail.com\/index.php\/wp-json\/wp\/v2\/pages\/9432\/revisions\/9434"}],"wp:attachment":[{"href":"https:\/\/its-all-retail.com\/index.php\/wp-json\/wp\/v2\/media?parent=9432"}],"curies":[{"name":"wp","href":"https:\/\/api.w.org\/{rel}","templated":true}]}}