{"id":9053,"date":"2024-02-26T17:34:50","date_gmt":"2024-02-26T16:34:50","guid":{"rendered":"https:\/\/its-all-retail.com\/?page_id=9053"},"modified":"2024-02-27T17:51:31","modified_gmt":"2024-02-27T16:51:31","slug":"intervista-chicca-azimut-direct","status":"publish","type":"page","link":"https:\/\/its-all-retail.com\/index.php\/intervista-chicca-azimut-direct\/","title":{"rendered":"Intervista"},"content":{"rendered":"<p>[vc_row css=&#8221;.vc_custom_1675703833533{padding-top: 20px !important;}&#8221;][vc_column width=&#8221;5\/6&#8243;][vc_single_image image=&#8221;9054&#8243; img_size=&#8221;large&#8221; style=&#8221;vc_box_border_circle_2&#8243;][vc_column_text]<strong>Antonio Chicca <\/strong>Managing Director<strong> AZIMUT DIRECT<\/strong>[\/vc_column_text][\/vc_column][vc_column width=&#8221;1\/6&#8243;][vc_single_image image=&#8221;8197&#8243;][\/vc_column][\/vc_row][vc_row][vc_column][vc_column_text]<\/p>\n<h2><span style=\"color: #333333;\">Cosa significa occuparsi di finanza complementare e come possono oggi le imprese farsi trovare \u201cpronte\u201d per l\u2019accesso ai capitali?<\/span><\/h2>\n<p>Azimut Direct si occupa di finanza alternativa o, come preferiamo definirla, finanza &#8220;complementare&#8221;: questa, infatti, non va intesa come sostitutiva dei tradizionali canali bancari di approvvigionamento di capitale bens\u00ec, appunto, come un&#8217;integrazione ad essi.<\/p>\n<p>Ci\u00f2 che ci distingue \u00e8 sicuramente un modo nuovo di supportare le imprese e metterle in contatto con gli investitori: grazie alla tecnologia, alle nostre esperienze specifiche in ambito di finanza d\u2019impresa e alla presenza capillare sul territorio della rete di consulenti finanziari Azimut, riusciamo ad andare realmente incontro alle esigenze delle aziende, tenendo il passo con i tempi sempre pi\u00f9 rapidi che il business esige oggi.<\/p>\n<p>Non solo: le PMI, in particolare, sovente incontrano difficolt\u00e0 nell\u2019ottenere finanziamenti dai canali bancari tradizionali per diverse ragioni, tra le quali le peculiarit\u00e0 derivanti dalle proprie stesse dimensioni contenute o il limitato numero di istituti a cui \u00e8 possibile rivolgersi.<\/p>\n<p>In quest\u2019ottica, riusciamo a dare un supporto concreto allo sviluppo delle piccole e medie imprese grazie a una maggiore flessibilit\u00e0 e diversificazione degli strumenti finanziari che rendiamo disponibili.<\/p>\n<p>La nostra operativit\u00e0 abbraccia private debt e private equity: tutto ci\u00f2 che comunemente viene definito come mondo dei mercati privati o private markets.<\/p>\n<p>Le aziende possono farsi trovare pronte lavorando in modo trasparente, pianificando al meglio il proprio business e non precludendosi soluzioni finanziarie diverse. L\u2019Italia \u00e8 un Paese il cui tessuto industriale \u00e8 caratterizzato da PMI le quali, per crescere, hanno bisogno di capitale esterno, nella forma sia del debito sia dell\u2019equity.<\/p>\n<p>Altro tema importante \u00e8 quello della sostenibilit\u00e0, poich\u00e9 oggi la comunit\u00e0 degli investitori presta maggiore attenzione alle societ\u00e0 che aderiscono a parametri ESG.<\/p>\n<p>&nbsp;<\/p>\n<h2><span style=\"color: #333333;\">Pu\u00f2 descriverci una vostra recente operazione di sostegno allo sviluppo di un\u2019impresa del mondo retail?\u00a0<\/span><\/h2>\n<p>Un recente caso di successo specifico nel mondo retail \u00e8 l&#8217;operazione per Juice SpA, storico rivenditore autorizzato di prodotti Apple in Italia, che ha ottenuto un finanziamento diretto di 10 milioni di euro.<\/p>\n<p>L\u2019azienda, forte della sua pluriennale partnership con Apple, ha nel tempo ha sviluppato un ambizioso piano di espansione per consolidare la propria presenza sul mercato nazionale.<\/p>\n<p>Il finanziamento, ottenuto grazie al lavoro congiunto del team di Azimut Direct e della rete di consulenti Azimut sul territorio, sar\u00e0 fondamentale per sostenere la crescita di Juice SpA e realizzare il suo obiettivo di espansione, attraverso nuove aperture di punti vendita e importanti relocation.<\/p>\n<p>E non \u00e8 l\u2019unico esempio in questo ambito cos\u00ec dinamico: abbiamo servito, nel corso del tempo, imprese specializzate nella rivendita di prodotti del mondo fashion, food &amp; beverage, articoli per l\u2019infanzia e molte altre categorie merceologiche, ciascuna con le proprie esigenze e peculiarit\u00e0.<\/p>\n<p>Dal 1\u00b0 luglio 2021, data di fondazione di Azimut Direct, la misura del nostro supporto alle imprese italiane, trasversalmente per industry, ha superato il valore complessivo di oltre 1 Miliardo di euro per 218 operazioni concluse.[\/vc_column_text][\/vc_column][\/vc_row]<\/p>\n","protected":false},"excerpt":{"rendered":"<p>[vc_row css=&#8221;.vc_custom_1675703833533{padding-top: 20px !important;}&#8221;][vc_column width=&#8221;5\/6&#8243;][vc_single_image image=&#8221;9054&#8243; img_size=&#8221;large&#8221; style=&#8221;vc_box_border_circle_2&#8243;][vc_column_text]Antonio Chicca Managing Director AZIMUT DIRECT[\/vc_column_text][\/vc_column][vc_column width=&#8221;1\/6&#8243;][vc_single_image image=&#8221;8197&#8243;][\/vc_column][\/vc_row][vc_row][vc_column][vc_column_text] Cosa significa occuparsi di finanza complementare e come possono oggi le imprese farsi trovare \u201cpronte\u201d per l\u2019accesso ai capitali? Azimut Direct si occupa di finanza alternativa o, come preferiamo definirla, finanza &#8220;complementare&#8221;: questa, infatti, non va intesa come sostitutiva dei [&hellip;]<\/p>\n","protected":false},"author":2,"featured_media":0,"parent":0,"menu_order":0,"comment_status":"closed","ping_status":"closed","template":"","meta":{"footnotes":""},"yoast_head":"<!-- This site is optimized with the Yoast SEO plugin v22.8 - https:\/\/yoast.com\/wordpress\/plugins\/seo\/ -->\n<title>Intervista - It&#039;s all RETAIL<\/title>\n<meta name=\"robots\" content=\"index, follow, max-snippet:-1, max-image-preview:large, max-video-preview:-1\" \/>\n<link rel=\"canonical\" href=\"https:\/\/its-all-retail.com\/index.php\/intervista-chicca-azimut-direct\/\" \/>\n<meta property=\"og:locale\" content=\"it_IT\" \/>\n<meta property=\"og:type\" content=\"article\" \/>\n<meta property=\"og:title\" content=\"Intervista - It&#039;s all RETAIL\" \/>\n<meta property=\"og:description\" content=\"[vc_row css=&#8221;.vc_custom_1675703833533{padding-top: 20px !important;}&#8221;][vc_column width=&#8221;5\/6&#8243;][vc_single_image image=&#8221;9054&#8243; img_size=&#8221;large&#8221; style=&#8221;vc_box_border_circle_2&#8243;][vc_column_text]Antonio Chicca Managing Director AZIMUT DIRECT[\/vc_column_text][\/vc_column][vc_column width=&#8221;1\/6&#8243;][vc_single_image image=&#8221;8197&#8243;][\/vc_column][\/vc_row][vc_row][vc_column][vc_column_text] Cosa significa occuparsi di finanza complementare e come possono oggi le imprese farsi trovare \u201cpronte\u201d per l\u2019accesso ai capitali? Azimut Direct si occupa di finanza alternativa o, come preferiamo definirla, finanza &#8220;complementare&#8221;: questa, infatti, non va intesa come sostitutiva dei [&hellip;]\" \/>\n<meta property=\"og:url\" content=\"https:\/\/its-all-retail.com\/index.php\/intervista-chicca-azimut-direct\/\" \/>\n<meta property=\"og:site_name\" content=\"It&#039;s all RETAIL\" \/>\n<meta property=\"article:modified_time\" content=\"2024-02-27T16:51:31+00:00\" \/>\n<meta name=\"twitter:card\" content=\"summary_large_image\" \/>\n<meta name=\"twitter:label1\" content=\"Tempo di lettura stimato\" \/>\n\t<meta name=\"twitter:data1\" content=\"3 minuti\" \/>\n<script type=\"application\/ld+json\" class=\"yoast-schema-graph\">{\"@context\":\"https:\/\/schema.org\",\"@graph\":[{\"@type\":\"WebPage\",\"@id\":\"https:\/\/its-all-retail.com\/index.php\/intervista-chicca-azimut-direct\/\",\"url\":\"https:\/\/its-all-retail.com\/index.php\/intervista-chicca-azimut-direct\/\",\"name\":\"Intervista - It&#039;s all RETAIL\",\"isPartOf\":{\"@id\":\"https:\/\/its-all-retail.com\/#website\"},\"datePublished\":\"2024-02-26T16:34:50+00:00\",\"dateModified\":\"2024-02-27T16:51:31+00:00\",\"breadcrumb\":{\"@id\":\"https:\/\/its-all-retail.com\/index.php\/intervista-chicca-azimut-direct\/#breadcrumb\"},\"inLanguage\":\"it-IT\",\"potentialAction\":[{\"@type\":\"ReadAction\",\"target\":[\"https:\/\/its-all-retail.com\/index.php\/intervista-chicca-azimut-direct\/\"]}]},{\"@type\":\"BreadcrumbList\",\"@id\":\"https:\/\/its-all-retail.com\/index.php\/intervista-chicca-azimut-direct\/#breadcrumb\",\"itemListElement\":[{\"@type\":\"ListItem\",\"position\":1,\"name\":\"Home\",\"item\":\"https:\/\/its-all-retail.com\/\"},{\"@type\":\"ListItem\",\"position\":2,\"name\":\"Intervista\"}]},{\"@type\":\"WebSite\",\"@id\":\"https:\/\/its-all-retail.com\/#website\",\"url\":\"https:\/\/its-all-retail.com\/\",\"name\":\"It&#039;s all RETAIL\",\"description\":\"Connecting Retailers\",\"potentialAction\":[{\"@type\":\"SearchAction\",\"target\":{\"@type\":\"EntryPoint\",\"urlTemplate\":\"https:\/\/its-all-retail.com\/?s={search_term_string}\"},\"query-input\":\"required name=search_term_string\"}],\"inLanguage\":\"it-IT\"}]}<\/script>\n<!-- \/ Yoast SEO plugin. -->","yoast_head_json":{"title":"Intervista - It&#039;s all RETAIL","robots":{"index":"index","follow":"follow","max-snippet":"max-snippet:-1","max-image-preview":"max-image-preview:large","max-video-preview":"max-video-preview:-1"},"canonical":"https:\/\/its-all-retail.com\/index.php\/intervista-chicca-azimut-direct\/","og_locale":"it_IT","og_type":"article","og_title":"Intervista - It&#039;s all RETAIL","og_description":"[vc_row css=&#8221;.vc_custom_1675703833533{padding-top: 20px !important;}&#8221;][vc_column width=&#8221;5\/6&#8243;][vc_single_image image=&#8221;9054&#8243; img_size=&#8221;large&#8221; style=&#8221;vc_box_border_circle_2&#8243;][vc_column_text]Antonio Chicca Managing Director AZIMUT DIRECT[\/vc_column_text][\/vc_column][vc_column width=&#8221;1\/6&#8243;][vc_single_image image=&#8221;8197&#8243;][\/vc_column][\/vc_row][vc_row][vc_column][vc_column_text] Cosa significa occuparsi di finanza complementare e come possono oggi le imprese farsi trovare \u201cpronte\u201d per l\u2019accesso ai capitali? Azimut Direct si occupa di finanza alternativa o, come preferiamo definirla, finanza &#8220;complementare&#8221;: questa, infatti, non va intesa come sostitutiva dei [&hellip;]","og_url":"https:\/\/its-all-retail.com\/index.php\/intervista-chicca-azimut-direct\/","og_site_name":"It&#039;s all RETAIL","article_modified_time":"2024-02-27T16:51:31+00:00","twitter_card":"summary_large_image","twitter_misc":{"Tempo di lettura stimato":"3 minuti"},"schema":{"@context":"https:\/\/schema.org","@graph":[{"@type":"WebPage","@id":"https:\/\/its-all-retail.com\/index.php\/intervista-chicca-azimut-direct\/","url":"https:\/\/its-all-retail.com\/index.php\/intervista-chicca-azimut-direct\/","name":"Intervista - It&#039;s all RETAIL","isPartOf":{"@id":"https:\/\/its-all-retail.com\/#website"},"datePublished":"2024-02-26T16:34:50+00:00","dateModified":"2024-02-27T16:51:31+00:00","breadcrumb":{"@id":"https:\/\/its-all-retail.com\/index.php\/intervista-chicca-azimut-direct\/#breadcrumb"},"inLanguage":"it-IT","potentialAction":[{"@type":"ReadAction","target":["https:\/\/its-all-retail.com\/index.php\/intervista-chicca-azimut-direct\/"]}]},{"@type":"BreadcrumbList","@id":"https:\/\/its-all-retail.com\/index.php\/intervista-chicca-azimut-direct\/#breadcrumb","itemListElement":[{"@type":"ListItem","position":1,"name":"Home","item":"https:\/\/its-all-retail.com\/"},{"@type":"ListItem","position":2,"name":"Intervista"}]},{"@type":"WebSite","@id":"https:\/\/its-all-retail.com\/#website","url":"https:\/\/its-all-retail.com\/","name":"It&#039;s all RETAIL","description":"Connecting Retailers","potentialAction":[{"@type":"SearchAction","target":{"@type":"EntryPoint","urlTemplate":"https:\/\/its-all-retail.com\/?s={search_term_string}"},"query-input":"required name=search_term_string"}],"inLanguage":"it-IT"}]}},"_links":{"self":[{"href":"https:\/\/its-all-retail.com\/index.php\/wp-json\/wp\/v2\/pages\/9053"}],"collection":[{"href":"https:\/\/its-all-retail.com\/index.php\/wp-json\/wp\/v2\/pages"}],"about":[{"href":"https:\/\/its-all-retail.com\/index.php\/wp-json\/wp\/v2\/types\/page"}],"author":[{"embeddable":true,"href":"https:\/\/its-all-retail.com\/index.php\/wp-json\/wp\/v2\/users\/2"}],"replies":[{"embeddable":true,"href":"https:\/\/its-all-retail.com\/index.php\/wp-json\/wp\/v2\/comments?post=9053"}],"version-history":[{"count":5,"href":"https:\/\/its-all-retail.com\/index.php\/wp-json\/wp\/v2\/pages\/9053\/revisions"}],"predecessor-version":[{"id":9056,"href":"https:\/\/its-all-retail.com\/index.php\/wp-json\/wp\/v2\/pages\/9053\/revisions\/9056"}],"wp:attachment":[{"href":"https:\/\/its-all-retail.com\/index.php\/wp-json\/wp\/v2\/media?parent=9053"}],"curies":[{"name":"wp","href":"https:\/\/api.w.org\/{rel}","templated":true}]}}