{"id":8406,"date":"2023-03-09T17:58:44","date_gmt":"2023-03-09T16:58:44","guid":{"rendered":"http:\/\/its-all-retail.com\/?page_id=8406"},"modified":"2023-03-09T18:03:26","modified_gmt":"2023-03-09T17:03:26","slug":"intervista-puricelli-dune","status":"publish","type":"page","link":"https:\/\/its-all-retail.com\/index.php\/intervista-puricelli-dune\/","title":{"rendered":"Intervista"},"content":{"rendered":"<p>[vc_row css=&#8221;.vc_custom_1675703833533{padding-top: 20px !important;}&#8221;][vc_column width=&#8221;5\/6&#8243;][vc_single_image image=&#8221;8369&#8243; img_size=&#8221;large&#8221; style=&#8221;vc_box_border_circle_2&#8243;][vc_column_text]<\/p>\n<p style=\"text-align: left;\"><strong>Chiara Puricelli<\/strong> Head of Operation &amp; Project Delivery <strong>DUNE <\/strong><\/p>\n<p>[\/vc_column_text][\/vc_column][vc_column width=&#8221;1\/6&#8243;][vc_single_image image=&#8221;8197&#8243;][\/vc_column][\/vc_row][vc_row][vc_column][vc_column_text]<\/p>\n<h2><span style=\"color: #333333;\">Quali sono i vantaggi dell&#8217;utilizzo dei dati nell&#8217;industria del retail?<\/span><\/h2>\n<p>La valorizzazione dei dati, nell\u2019industria Retail, \u00e8 sicuramente importante per il miglioramento dell\u2019esperienza del CLIENTE.<br \/>\nL\u2019analisi dei dati pu\u00f2 aiutare a capirne meglio i gusti e le preferenze, consentendo di personalizzare l&#8217;esperienza d&#8217;acquisto e migliorarne il grado di soddisfazione.<br \/>\nIn DUNE lo stiamo facendo supportando alcuni nostri Clienti nella gestione delle attivit\u00e0 di Marketing, attraverso Advanced Analytics, con lo sviluppo di reports in tempo reale e misurazione della performance; i dati inoltre aiutano nell\u2019analisi della correlazione tra gli eventi e le tipologie di contatto. Tutto questo permette di avere un Time to Market ridotto, ottimizzazione dei Target e Sales Recommendation.<br \/>\nI dati sono importanti anche per il raggiungimento dei massimi risultati delle operazioni anche in altri ambiti, come il miglioramento della gestione degli inventari, l&#8217;efficienza della supply chain e la riduzione dei costi di produzione e distribuzione.<br \/>\nSempre grazie ai dati \u00e8 possibile fare ANALISI PREVISIONALI sulla domanda futura consentendo cos\u00ec di migliorare la gestione del proprio stock e la pianificazione delle attivit\u00e0 o per fidelizzare i clienti che, attraverso l\u2019analisi dei dati, potranno essere contattati con maggior efficacia.<\/p>\n<p>&nbsp;<\/p>\n<h2><span style=\"color: #333333;\">Quali sono alcuni esempi di successo di aziende che hanno implementato strategie basate sui dati nel settore del retail?<\/span><\/h2>\n<p>Uno dei nostri case di successo \u00e8 la web app di book an appointment realizzata per uno dei nostri principali clienti, un importante gruppo Fashion italiano.<br \/>\nCreata inizialmente per supportare i clienti finali a prendere appuntamento nei punti vendita, durante le restrizioni della pandemia, si \u00e8 evoluta con la possibilit\u00e0 di prenotare una vendita assistita con il supporto di un sales assistant da remoto. Grazie alla raccolta e l\u2019analisi dei dati dei propri clienti, \u00e8 stato possibile migliorare e personalizzare l\u2019esperienza di acquisto negli store.<br \/>\nQuesto \u00e8 uno dei tanti casi, in cui l\u2019implementazione di strategie basate sui dati, ha portato a un aumento delle vendite e una maggiore focalizzazione sulle esigenze specifiche del cliente.<br \/>\nUn altro esempio molto interessante \u00e8 quello di un nostro cliente che opera nel Industry Beauty e che stiamo affiancando da diversi anni nella sua trasformazione digitale.<br \/>\nPer lui abbiamo creato un Data Lake, realizzato dashboards che permettono un accesso immediato a KPI e Insights che, con il supporto dell\u2019intelligenza Artificiale e Machine Learning, migliorano l\u2019analisi delle correlazioni tra Customer Experience, Processi Interni e Esterni e Vendite.<br \/>\nTutto questo porta a risultati di riduzione dei costi e dei tempi di realizzazione delle strategie di monitoraggio del 60% con conseguente miglioramento delle strategie di Marketing , controllo diretto tra Vendite e processi di magazzino e miglioramento dei processi di acquisto con maggior controllo sul Budget e Cash Flow.[\/vc_column_text][\/vc_column][\/vc_row]<\/p>\n","protected":false},"excerpt":{"rendered":"<p>[vc_row css=&#8221;.vc_custom_1675703833533{padding-top: 20px !important;}&#8221;][vc_column width=&#8221;5\/6&#8243;][vc_single_image image=&#8221;8369&#8243; img_size=&#8221;large&#8221; style=&#8221;vc_box_border_circle_2&#8243;][vc_column_text] Chiara Puricelli Head of Operation &amp; Project Delivery DUNE [\/vc_column_text][\/vc_column][vc_column width=&#8221;1\/6&#8243;][vc_single_image image=&#8221;8197&#8243;][\/vc_column][\/vc_row][vc_row][vc_column][vc_column_text] Quali sono i vantaggi dell&#8217;utilizzo dei dati nell&#8217;industria del retail? La valorizzazione dei dati, nell\u2019industria Retail, \u00e8 sicuramente importante per il miglioramento dell\u2019esperienza del CLIENTE. L\u2019analisi dei dati pu\u00f2 aiutare a capirne meglio i gusti [&hellip;]<\/p>\n","protected":false},"author":2,"featured_media":0,"parent":0,"menu_order":0,"comment_status":"closed","ping_status":"closed","template":"","meta":{"footnotes":""},"yoast_head":"<!-- This site is optimized with the Yoast SEO plugin v22.8 - https:\/\/yoast.com\/wordpress\/plugins\/seo\/ -->\n<title>Intervista - It&#039;s all RETAIL<\/title>\n<meta name=\"robots\" content=\"index, follow, max-snippet:-1, max-image-preview:large, max-video-preview:-1\" \/>\n<link rel=\"canonical\" href=\"https:\/\/its-all-retail.com\/index.php\/intervista-puricelli-dune\/\" \/>\n<meta property=\"og:locale\" content=\"it_IT\" \/>\n<meta property=\"og:type\" content=\"article\" \/>\n<meta property=\"og:title\" content=\"Intervista - It&#039;s all RETAIL\" \/>\n<meta property=\"og:description\" content=\"[vc_row css=&#8221;.vc_custom_1675703833533{padding-top: 20px !important;}&#8221;][vc_column width=&#8221;5\/6&#8243;][vc_single_image image=&#8221;8369&#8243; img_size=&#8221;large&#8221; style=&#8221;vc_box_border_circle_2&#8243;][vc_column_text] Chiara Puricelli Head of Operation &amp; Project Delivery DUNE [\/vc_column_text][\/vc_column][vc_column width=&#8221;1\/6&#8243;][vc_single_image image=&#8221;8197&#8243;][\/vc_column][\/vc_row][vc_row][vc_column][vc_column_text] Quali sono i vantaggi dell&#8217;utilizzo dei dati nell&#8217;industria del retail? La valorizzazione dei dati, nell\u2019industria Retail, \u00e8 sicuramente importante per il miglioramento dell\u2019esperienza del CLIENTE. L\u2019analisi dei dati pu\u00f2 aiutare a capirne meglio i gusti [&hellip;]\" \/>\n<meta property=\"og:url\" content=\"https:\/\/its-all-retail.com\/index.php\/intervista-puricelli-dune\/\" \/>\n<meta property=\"og:site_name\" content=\"It&#039;s all RETAIL\" \/>\n<meta property=\"article:modified_time\" content=\"2023-03-09T17:03:26+00:00\" \/>\n<meta name=\"twitter:card\" content=\"summary_large_image\" \/>\n<meta name=\"twitter:label1\" content=\"Tempo di lettura stimato\" \/>\n\t<meta name=\"twitter:data1\" content=\"3 minuti\" \/>\n<script type=\"application\/ld+json\" class=\"yoast-schema-graph\">{\"@context\":\"https:\/\/schema.org\",\"@graph\":[{\"@type\":\"WebPage\",\"@id\":\"https:\/\/its-all-retail.com\/index.php\/intervista-puricelli-dune\/\",\"url\":\"https:\/\/its-all-retail.com\/index.php\/intervista-puricelli-dune\/\",\"name\":\"Intervista - It&#039;s all RETAIL\",\"isPartOf\":{\"@id\":\"https:\/\/its-all-retail.com\/#website\"},\"datePublished\":\"2023-03-09T16:58:44+00:00\",\"dateModified\":\"2023-03-09T17:03:26+00:00\",\"breadcrumb\":{\"@id\":\"https:\/\/its-all-retail.com\/index.php\/intervista-puricelli-dune\/#breadcrumb\"},\"inLanguage\":\"it-IT\",\"potentialAction\":[{\"@type\":\"ReadAction\",\"target\":[\"https:\/\/its-all-retail.com\/index.php\/intervista-puricelli-dune\/\"]}]},{\"@type\":\"BreadcrumbList\",\"@id\":\"https:\/\/its-all-retail.com\/index.php\/intervista-puricelli-dune\/#breadcrumb\",\"itemListElement\":[{\"@type\":\"ListItem\",\"position\":1,\"name\":\"Home\",\"item\":\"https:\/\/its-all-retail.com\/\"},{\"@type\":\"ListItem\",\"position\":2,\"name\":\"Intervista\"}]},{\"@type\":\"WebSite\",\"@id\":\"https:\/\/its-all-retail.com\/#website\",\"url\":\"https:\/\/its-all-retail.com\/\",\"name\":\"It&#039;s all RETAIL\",\"description\":\"Connecting Retailers\",\"potentialAction\":[{\"@type\":\"SearchAction\",\"target\":{\"@type\":\"EntryPoint\",\"urlTemplate\":\"https:\/\/its-all-retail.com\/?s={search_term_string}\"},\"query-input\":\"required name=search_term_string\"}],\"inLanguage\":\"it-IT\"}]}<\/script>\n<!-- \/ Yoast SEO plugin. -->","yoast_head_json":{"title":"Intervista - It&#039;s all RETAIL","robots":{"index":"index","follow":"follow","max-snippet":"max-snippet:-1","max-image-preview":"max-image-preview:large","max-video-preview":"max-video-preview:-1"},"canonical":"https:\/\/its-all-retail.com\/index.php\/intervista-puricelli-dune\/","og_locale":"it_IT","og_type":"article","og_title":"Intervista - It&#039;s all RETAIL","og_description":"[vc_row css=&#8221;.vc_custom_1675703833533{padding-top: 20px !important;}&#8221;][vc_column width=&#8221;5\/6&#8243;][vc_single_image image=&#8221;8369&#8243; img_size=&#8221;large&#8221; style=&#8221;vc_box_border_circle_2&#8243;][vc_column_text] Chiara Puricelli Head of Operation &amp; Project Delivery DUNE [\/vc_column_text][\/vc_column][vc_column width=&#8221;1\/6&#8243;][vc_single_image image=&#8221;8197&#8243;][\/vc_column][\/vc_row][vc_row][vc_column][vc_column_text] Quali sono i vantaggi dell&#8217;utilizzo dei dati nell&#8217;industria del retail? La valorizzazione dei dati, nell\u2019industria Retail, \u00e8 sicuramente importante per il miglioramento dell\u2019esperienza del CLIENTE. L\u2019analisi dei dati pu\u00f2 aiutare a capirne meglio i gusti [&hellip;]","og_url":"https:\/\/its-all-retail.com\/index.php\/intervista-puricelli-dune\/","og_site_name":"It&#039;s all RETAIL","article_modified_time":"2023-03-09T17:03:26+00:00","twitter_card":"summary_large_image","twitter_misc":{"Tempo di lettura stimato":"3 minuti"},"schema":{"@context":"https:\/\/schema.org","@graph":[{"@type":"WebPage","@id":"https:\/\/its-all-retail.com\/index.php\/intervista-puricelli-dune\/","url":"https:\/\/its-all-retail.com\/index.php\/intervista-puricelli-dune\/","name":"Intervista - It&#039;s all RETAIL","isPartOf":{"@id":"https:\/\/its-all-retail.com\/#website"},"datePublished":"2023-03-09T16:58:44+00:00","dateModified":"2023-03-09T17:03:26+00:00","breadcrumb":{"@id":"https:\/\/its-all-retail.com\/index.php\/intervista-puricelli-dune\/#breadcrumb"},"inLanguage":"it-IT","potentialAction":[{"@type":"ReadAction","target":["https:\/\/its-all-retail.com\/index.php\/intervista-puricelli-dune\/"]}]},{"@type":"BreadcrumbList","@id":"https:\/\/its-all-retail.com\/index.php\/intervista-puricelli-dune\/#breadcrumb","itemListElement":[{"@type":"ListItem","position":1,"name":"Home","item":"https:\/\/its-all-retail.com\/"},{"@type":"ListItem","position":2,"name":"Intervista"}]},{"@type":"WebSite","@id":"https:\/\/its-all-retail.com\/#website","url":"https:\/\/its-all-retail.com\/","name":"It&#039;s all RETAIL","description":"Connecting Retailers","potentialAction":[{"@type":"SearchAction","target":{"@type":"EntryPoint","urlTemplate":"https:\/\/its-all-retail.com\/?s={search_term_string}"},"query-input":"required name=search_term_string"}],"inLanguage":"it-IT"}]}},"_links":{"self":[{"href":"https:\/\/its-all-retail.com\/index.php\/wp-json\/wp\/v2\/pages\/8406"}],"collection":[{"href":"https:\/\/its-all-retail.com\/index.php\/wp-json\/wp\/v2\/pages"}],"about":[{"href":"https:\/\/its-all-retail.com\/index.php\/wp-json\/wp\/v2\/types\/page"}],"author":[{"embeddable":true,"href":"https:\/\/its-all-retail.com\/index.php\/wp-json\/wp\/v2\/users\/2"}],"replies":[{"embeddable":true,"href":"https:\/\/its-all-retail.com\/index.php\/wp-json\/wp\/v2\/comments?post=8406"}],"version-history":[{"count":2,"href":"https:\/\/its-all-retail.com\/index.php\/wp-json\/wp\/v2\/pages\/8406\/revisions"}],"predecessor-version":[{"id":8409,"href":"https:\/\/its-all-retail.com\/index.php\/wp-json\/wp\/v2\/pages\/8406\/revisions\/8409"}],"wp:attachment":[{"href":"https:\/\/its-all-retail.com\/index.php\/wp-json\/wp\/v2\/media?parent=8406"}],"curies":[{"name":"wp","href":"https:\/\/api.w.org\/{rel}","templated":true}]}}