{"id":8166,"date":"2023-02-06T18:15:42","date_gmt":"2023-02-06T17:15:42","guid":{"rendered":"http:\/\/its-all-retail.com\/?page_id=8166"},"modified":"2023-02-06T18:52:20","modified_gmt":"2023-02-06T17:52:20","slug":"intervista-spalice-manhattan","status":"publish","type":"page","link":"https:\/\/its-all-retail.com\/index.php\/intervista-spalice-manhattan\/","title":{"rendered":"Intervista"},"content":{"rendered":"<p>[vc_row css=&#8221;.vc_custom_1675703833533{padding-top: 20px !important;}&#8221;][vc_column width=&#8221;5\/6&#8243;][vc_single_image image=&#8221;8137&#8243; img_size=&#8221;large&#8221; style=&#8221;vc_box_border_circle_2&#8243; onclick=&#8221;custom_link&#8221; img_link_target=&#8221;_blank&#8221;][vc_column_text]<\/p>\n<p style=\"text-align: left;\"><span style=\"color: #000000;\"><strong>Valerio Spalice\u00a0<\/strong><\/span><span style=\"color: #000000;\">Solutions Consultant<strong> MANHATTAN ASSOCIATES<\/strong><\/span><\/p>\n<p>[\/vc_column_text][\/vc_column][vc_column width=&#8221;1\/6&#8243;][vc_single_image image=&#8221;8197&#8243;][\/vc_column][\/vc_row][vc_row][vc_column][vc_column_text]<\/p>\n<h2><span style=\"color: #333333;\">Con la pandemia auspicabilmente alle spalle, quali nuove sfide ci attendono nel mondo del retail e della supply chain?<\/span><\/h2>\n<p>Le criticit\u00e0 che negli ultimi anni hanno impattato le supply chain globali di tutti i settori industriali, quali lockdown e conseguenti blocchi delle produzioni e ritardi nelle spedizioni, scarsit\u00e0 delle materie prime e alta inflazione a seguito di tensioni geopolitiche, stanno obbligando la quasi totalit\u00e0 delle aziende a ripensare le catene di fornitura. Tutti questi fattori esogeni non hanno fatto altro che accelerare i cambiamenti nei comportamenti dei consumatori finali con un effetto ulteriormente amplificato sul settore retail, che sia organizzativamente che tecnologicamente non era pronto per sostenere tale accelerazione.<\/p>\n<p>Quali sono quindi i driver che guideranno i futuri investimenti?<\/p>\n<p>La richiesta di &#8220;visibilit\u00e0 in real time&#8221; aumenter\u00e0 e si estender\u00e0 non solo ai prodotti in movimento, ma anche ai prodotti nella supply chain. L\u2019alta volatilit\u00e0 del mercato richieder\u00e0 ai grandi distributori di reagire prontamente alle continue perturbazioni in tempo quasi reale attraverso un controllo puntuale dello stock e dei prodotti lungo la catena di fornitura in modo da permettergli di rimodellare le logiche di distribuzione\/evasione degli ordini in funzione della variabilit\u00e0 della domanda cross-canale.<\/p>\n<p>Il forte incremento dei volumi legati all\u2019e-commerce congiuntamente alle esigenze di adattabilit\u00e0 ed agilit\u00e0 porteranno a forti progressi nella collaborazione tra uomo e macchina grazie allo sviluppo di un maggior numero di robot che integrano la forza lavoro umana assumendo compiti banali e ripetitivi. Il modello Robots as a Service aumenter\u00e0 di popolarit\u00e0 entro la fine dell\u2019anno, man mano che i clienti acquisiranno maggiore consapevolezza e maturit\u00e0 verso le nuove strategie di automazione.<\/p>\n<p>La sostenibilit\u00e0 della supply chain diventer\u00e0 un fattore distintivo e rappresenter\u00e0 la nuova norma. La responsabilit\u00e0 sociale e la sostenibilit\u00e0 continueranno a essere al centro dell&#8217;attenzione nell\u2019immediato futuro, non solo sotto la spinta delle normative e dei consumatori, ma anche dell&#8217;odierno Zeitgeist popolare.<\/p>\n<h2><span style=\"color: #333333;\">Come possono le aziende rispondere a tutti questi cambiamenti e queste sfide?<\/span><\/h2>\n<p>Sebbene abbiamo individuato le principali sfide che ci attendono nel breve-medio periodo nel mondo del retail e della supply chain, dobbiamo constatare che ormai le perturbazioni globali restano la regola piuttosto che l\u2019eccezione.<\/p>\n<p>In un contesto in continua evoluzione diventa imperativo quindi, per i grandi distributori, investire nella giusta tecnologia, adottando soluzioni agili e resilienti per affrontare sfide impreviste e adattarsi alle mutevoli tendenze dei consumatori.<\/p>\n<p>La tecnologia Cloud, per esempio, permette ai retailers di abbattere i costi relativi all\u2019acquisto, alla configurazione, all\u2019installazione ed alla manutenzione di software ed hardware dedicati, il tutto garantendo prestazioni eccezionali, dati sicuri e sempre accessibili, continuit\u00e0 delle operazioni, scalabilit\u00e0 delle risorse e quindi maggiore flessibilit\u00e0.<\/p>\n<p>Molto pi\u00f9 importante, sar\u00e0 adottare una piattaforma unificata, una control tower che consenta di gestire tutto l\u2019end to end, dall\u2019acquisto dei prodotti e delle materie prime, fino alla consegna ai clienti. Un unico singolo sistema in grado di gestire la ricezione, lo stoccaggio, il prelievo, la spedizione, i resi, permettendo di controllare tutte le fasi del processo, reagendo in tempo reale a qualsiasi imprevisto.<\/p>\n<p>Infine, in un mondo in cui la meccanizzazione sta prendendo il sopravvento, in cui il numero di robot nei magazzini continua ad aumentare, diventa cruciale investire in un prodotto flessibile che sia in grado di interfacciarsi senza troppi vincoli con le molteplici tecnologie di automazione presenti sul mercato.[\/vc_column_text][\/vc_column][\/vc_row]<\/p>\n","protected":false},"excerpt":{"rendered":"<p>[vc_row css=&#8221;.vc_custom_1675703833533{padding-top: 20px !important;}&#8221;][vc_column width=&#8221;5\/6&#8243;][vc_single_image image=&#8221;8137&#8243; img_size=&#8221;large&#8221; style=&#8221;vc_box_border_circle_2&#8243; onclick=&#8221;custom_link&#8221; img_link_target=&#8221;_blank&#8221;][vc_column_text] Valerio Spalice\u00a0Solutions Consultant MANHATTAN ASSOCIATES [\/vc_column_text][\/vc_column][vc_column width=&#8221;1\/6&#8243;][vc_single_image image=&#8221;8197&#8243;][\/vc_column][\/vc_row][vc_row][vc_column][vc_column_text] Con la pandemia auspicabilmente alle spalle, quali nuove sfide ci attendono nel mondo del retail e della supply chain? Le criticit\u00e0 che negli ultimi anni hanno impattato le supply chain globali di tutti i settori industriali, quali [&hellip;]<\/p>\n","protected":false},"author":2,"featured_media":0,"parent":0,"menu_order":0,"comment_status":"closed","ping_status":"closed","template":"","meta":{"footnotes":""},"yoast_head":"<!-- This site is optimized with the Yoast SEO plugin v22.8 - https:\/\/yoast.com\/wordpress\/plugins\/seo\/ -->\n<title>Intervista - It&#039;s all RETAIL<\/title>\n<meta name=\"robots\" content=\"index, follow, max-snippet:-1, max-image-preview:large, max-video-preview:-1\" \/>\n<link rel=\"canonical\" href=\"https:\/\/its-all-retail.com\/index.php\/intervista-spalice-manhattan\/\" \/>\n<meta property=\"og:locale\" content=\"it_IT\" \/>\n<meta property=\"og:type\" content=\"article\" \/>\n<meta property=\"og:title\" content=\"Intervista - It&#039;s all RETAIL\" \/>\n<meta property=\"og:description\" content=\"[vc_row css=&#8221;.vc_custom_1675703833533{padding-top: 20px !important;}&#8221;][vc_column width=&#8221;5\/6&#8243;][vc_single_image image=&#8221;8137&#8243; img_size=&#8221;large&#8221; style=&#8221;vc_box_border_circle_2&#8243; onclick=&#8221;custom_link&#8221; img_link_target=&#8221;_blank&#8221;][vc_column_text] Valerio Spalice\u00a0Solutions Consultant MANHATTAN ASSOCIATES [\/vc_column_text][\/vc_column][vc_column width=&#8221;1\/6&#8243;][vc_single_image image=&#8221;8197&#8243;][\/vc_column][\/vc_row][vc_row][vc_column][vc_column_text] Con la pandemia auspicabilmente alle spalle, quali nuove sfide ci attendono nel mondo del retail e della supply chain? Le criticit\u00e0 che negli ultimi anni hanno impattato le supply chain globali di tutti i settori industriali, quali [&hellip;]\" \/>\n<meta property=\"og:url\" content=\"https:\/\/its-all-retail.com\/index.php\/intervista-spalice-manhattan\/\" \/>\n<meta property=\"og:site_name\" content=\"It&#039;s all RETAIL\" \/>\n<meta property=\"article:modified_time\" content=\"2023-02-06T17:52:20+00:00\" \/>\n<meta name=\"twitter:card\" content=\"summary_large_image\" \/>\n<meta name=\"twitter:label1\" content=\"Tempo di lettura stimato\" \/>\n\t<meta name=\"twitter:data1\" content=\"3 minuti\" \/>\n<script type=\"application\/ld+json\" class=\"yoast-schema-graph\">{\"@context\":\"https:\/\/schema.org\",\"@graph\":[{\"@type\":\"WebPage\",\"@id\":\"https:\/\/its-all-retail.com\/index.php\/intervista-spalice-manhattan\/\",\"url\":\"https:\/\/its-all-retail.com\/index.php\/intervista-spalice-manhattan\/\",\"name\":\"Intervista - It&#039;s all RETAIL\",\"isPartOf\":{\"@id\":\"https:\/\/its-all-retail.com\/#website\"},\"datePublished\":\"2023-02-06T17:15:42+00:00\",\"dateModified\":\"2023-02-06T17:52:20+00:00\",\"breadcrumb\":{\"@id\":\"https:\/\/its-all-retail.com\/index.php\/intervista-spalice-manhattan\/#breadcrumb\"},\"inLanguage\":\"it-IT\",\"potentialAction\":[{\"@type\":\"ReadAction\",\"target\":[\"https:\/\/its-all-retail.com\/index.php\/intervista-spalice-manhattan\/\"]}]},{\"@type\":\"BreadcrumbList\",\"@id\":\"https:\/\/its-all-retail.com\/index.php\/intervista-spalice-manhattan\/#breadcrumb\",\"itemListElement\":[{\"@type\":\"ListItem\",\"position\":1,\"name\":\"Home\",\"item\":\"https:\/\/its-all-retail.com\/\"},{\"@type\":\"ListItem\",\"position\":2,\"name\":\"Intervista\"}]},{\"@type\":\"WebSite\",\"@id\":\"https:\/\/its-all-retail.com\/#website\",\"url\":\"https:\/\/its-all-retail.com\/\",\"name\":\"It&#039;s all RETAIL\",\"description\":\"Connecting Retailers\",\"potentialAction\":[{\"@type\":\"SearchAction\",\"target\":{\"@type\":\"EntryPoint\",\"urlTemplate\":\"https:\/\/its-all-retail.com\/?s={search_term_string}\"},\"query-input\":\"required name=search_term_string\"}],\"inLanguage\":\"it-IT\"}]}<\/script>\n<!-- \/ Yoast SEO plugin. -->","yoast_head_json":{"title":"Intervista - It&#039;s all RETAIL","robots":{"index":"index","follow":"follow","max-snippet":"max-snippet:-1","max-image-preview":"max-image-preview:large","max-video-preview":"max-video-preview:-1"},"canonical":"https:\/\/its-all-retail.com\/index.php\/intervista-spalice-manhattan\/","og_locale":"it_IT","og_type":"article","og_title":"Intervista - It&#039;s all RETAIL","og_description":"[vc_row css=&#8221;.vc_custom_1675703833533{padding-top: 20px !important;}&#8221;][vc_column width=&#8221;5\/6&#8243;][vc_single_image image=&#8221;8137&#8243; img_size=&#8221;large&#8221; style=&#8221;vc_box_border_circle_2&#8243; onclick=&#8221;custom_link&#8221; img_link_target=&#8221;_blank&#8221;][vc_column_text] Valerio Spalice\u00a0Solutions Consultant MANHATTAN ASSOCIATES [\/vc_column_text][\/vc_column][vc_column width=&#8221;1\/6&#8243;][vc_single_image image=&#8221;8197&#8243;][\/vc_column][\/vc_row][vc_row][vc_column][vc_column_text] Con la pandemia auspicabilmente alle spalle, quali nuove sfide ci attendono nel mondo del retail e della supply chain? Le criticit\u00e0 che negli ultimi anni hanno impattato le supply chain globali di tutti i settori industriali, quali [&hellip;]","og_url":"https:\/\/its-all-retail.com\/index.php\/intervista-spalice-manhattan\/","og_site_name":"It&#039;s all RETAIL","article_modified_time":"2023-02-06T17:52:20+00:00","twitter_card":"summary_large_image","twitter_misc":{"Tempo di lettura stimato":"3 minuti"},"schema":{"@context":"https:\/\/schema.org","@graph":[{"@type":"WebPage","@id":"https:\/\/its-all-retail.com\/index.php\/intervista-spalice-manhattan\/","url":"https:\/\/its-all-retail.com\/index.php\/intervista-spalice-manhattan\/","name":"Intervista - It&#039;s all RETAIL","isPartOf":{"@id":"https:\/\/its-all-retail.com\/#website"},"datePublished":"2023-02-06T17:15:42+00:00","dateModified":"2023-02-06T17:52:20+00:00","breadcrumb":{"@id":"https:\/\/its-all-retail.com\/index.php\/intervista-spalice-manhattan\/#breadcrumb"},"inLanguage":"it-IT","potentialAction":[{"@type":"ReadAction","target":["https:\/\/its-all-retail.com\/index.php\/intervista-spalice-manhattan\/"]}]},{"@type":"BreadcrumbList","@id":"https:\/\/its-all-retail.com\/index.php\/intervista-spalice-manhattan\/#breadcrumb","itemListElement":[{"@type":"ListItem","position":1,"name":"Home","item":"https:\/\/its-all-retail.com\/"},{"@type":"ListItem","position":2,"name":"Intervista"}]},{"@type":"WebSite","@id":"https:\/\/its-all-retail.com\/#website","url":"https:\/\/its-all-retail.com\/","name":"It&#039;s all RETAIL","description":"Connecting Retailers","potentialAction":[{"@type":"SearchAction","target":{"@type":"EntryPoint","urlTemplate":"https:\/\/its-all-retail.com\/?s={search_term_string}"},"query-input":"required name=search_term_string"}],"inLanguage":"it-IT"}]}},"_links":{"self":[{"href":"https:\/\/its-all-retail.com\/index.php\/wp-json\/wp\/v2\/pages\/8166"}],"collection":[{"href":"https:\/\/its-all-retail.com\/index.php\/wp-json\/wp\/v2\/pages"}],"about":[{"href":"https:\/\/its-all-retail.com\/index.php\/wp-json\/wp\/v2\/types\/page"}],"author":[{"embeddable":true,"href":"https:\/\/its-all-retail.com\/index.php\/wp-json\/wp\/v2\/users\/2"}],"replies":[{"embeddable":true,"href":"https:\/\/its-all-retail.com\/index.php\/wp-json\/wp\/v2\/comments?post=8166"}],"version-history":[{"count":18,"href":"https:\/\/its-all-retail.com\/index.php\/wp-json\/wp\/v2\/pages\/8166\/revisions"}],"predecessor-version":[{"id":8195,"href":"https:\/\/its-all-retail.com\/index.php\/wp-json\/wp\/v2\/pages\/8166\/revisions\/8195"}],"wp:attachment":[{"href":"https:\/\/its-all-retail.com\/index.php\/wp-json\/wp\/v2\/media?parent=8166"}],"curies":[{"name":"wp","href":"https:\/\/api.w.org\/{rel}","templated":true}]}}